CRAN Package Check Results for Package rnpn

Last updated on 2022-09-29 00:52:59 CEST.

Flavor Version Tinstall Tcheck Ttotal Status Flags
r-devel-linux-x86_64-debian-clang 1.2.5 6.87 100.88 107.75 OK
r-devel-linux-x86_64-debian-gcc 1.2.5 4.19 75.57 79.76 OK
r-devel-linux-x86_64-fedora-clang 1.2.5 140.42 NOTE
r-devel-linux-x86_64-fedora-gcc 1.2.5 132.55 NOTE
r-devel-windows-x86_64 1.2.5 65.00 183.00 248.00 OK
r-patched-linux-x86_64 1.2.5 5.16 95.94 101.10 OK
r-release-linux-x86_64 1.2.5 6.03 95.57 101.60 OK
r-release-macos-arm64 1.2.5 81.00 NOTE
r-release-macos-x86_64 1.2.5 94.00 NOTE
r-release-windows-x86_64 1.2.5 61.00 179.00 240.00 OK
r-oldrel-macos-arm64 1.2.5 79.00 NOTE
r-oldrel-macos-x86_64 1.2.5 97.00 NOTE
r-oldrel-windows-ix86+x86_64 1.2.5 12.00 173.00 185.00 OK

Check Details

Version: 1.2.5
Check: dependencies in R code
Result: NOTE
    Namespace in Imports field not imported from: ‘rgdal’
     All declared Imports should be used.
Flavors: r-devel-linux-x86_64-fedora-clang, r-devel-linux-x86_64-fedora-gcc, r-release-macos-arm64, r-release-macos-x86_64, r-oldrel-macos-arm64, r-oldrel-macos-x86_64