CRAN Package Check Results for Package rnpn

Last updated on 2024-06-13 00:55:30 CEST.

Flavor Version Tinstall Tcheck Ttotal Status Flags
r-devel-linux-x86_64-debian-clang 1.2.8.0 5.32 122.42 127.74 OK
r-devel-linux-x86_64-debian-gcc 1.2.8.0 0.47 1.88 2.35 ERROR
r-devel-linux-x86_64-fedora-clang 1.2.8.0 156.86 OK
r-devel-linux-x86_64-fedora-gcc 1.2.8.0 162.36 OK
r-devel-windows-x86_64 1.2.8.0 6.00 264.00 270.00 OK
r-patched-linux-x86_64 1.2.8.0 5.40 113.45 118.85 OK
r-release-linux-x86_64 1.2.8.0 4.62 116.07 120.69 OK
r-release-macos-arm64 1.2.8.0 191.00 OK
r-release-macos-x86_64 1.2.8.0 230.00 OK
r-release-windows-x86_64 1.2.8.0 6.00 268.00 274.00 OK
r-oldrel-macos-arm64 1.2.8.0 171.00 OK
r-oldrel-macos-x86_64 1.2.8.0 222.00 OK
r-oldrel-windows-x86_64 1.2.8.0 7.00 283.00 290.00 OK

Check Details

Version: 1.2.8.0
Check: package dependencies
Result: ERROR Package required but not available: ‘tibble’ Packages suggested but not available for checking: 'ggplot2', 'testthat' See section ‘The DESCRIPTION file’ in the ‘Writing R Extensions’ manual. Flavor: r-devel-linux-x86_64-debian-gcc