CRAN Package Check Results for Package rneos

Last updated on 2022-09-28 00:52:53 CEST.

Flavor Version Tinstall Tcheck Ttotal Status Flags
r-devel-linux-x86_64-debian-clang 0.4-0 5.73 46.40 52.13 NOTE
r-devel-linux-x86_64-debian-gcc 0.4-0 4.02 36.53 40.55 NOTE
r-devel-linux-x86_64-fedora-clang 0.4-0 77.82 NOTE
r-devel-linux-x86_64-fedora-gcc 0.4-0 73.11 NOTE
r-devel-windows-x86_64 0.4-0 26.00 79.00 105.00 NOTE
r-patched-linux-x86_64 0.4-0 6.76 46.09 52.85 OK
r-release-linux-x86_64 0.4-0 5.66 45.96 51.62 OK
r-release-macos-arm64 0.4-0 21.00 OK
r-release-macos-x86_64 0.4-0 32.00 OK
r-release-windows-x86_64 0.4-0 28.00 74.00 102.00 OK
r-oldrel-macos-arm64 0.4-0 25.00 OK
r-oldrel-macos-x86_64 0.4-0 45.00 OK
r-oldrel-windows-ix86+x86_64 0.4-0 20.00 65.00 85.00 OK

Check Details

Version: 0.4-0
Check: Rd files
Result: NOTE
    checkRd: (-1) NlistServersInCategory.Rd:11: Escaped LaTeX specials: \_
Flavors: r-devel-linux-x86_64-debian-clang, r-devel-linux-x86_64-debian-gcc, r-devel-linux-x86_64-fedora-clang, r-devel-linux-x86_64-fedora-gcc, r-devel-windows-x86_64