CRAN Package Check Results for Package rncl

Last updated on 2022-09-27 00:51:13 CEST.

Flavor Version Tinstall Tcheck Ttotal Status Flags
r-devel-linux-x86_64-debian-clang 0.8.6 180.35 38.79 219.14 OK
r-devel-linux-x86_64-debian-gcc 0.8.6 163.93 29.93 193.86 OK
r-devel-linux-x86_64-fedora-clang 0.8.6 354.34 OK
r-devel-linux-x86_64-fedora-gcc 0.8.6 337.66 OK
r-devel-windows-x86_64 0.8.6 143.00 98.00 241.00 OK
r-patched-linux-x86_64 0.8.6 169.38 36.77 206.15 OK
r-release-linux-x86_64 0.8.6 174.81 36.12 210.93 OK
r-release-macos-arm64 0.8.6 84.00 NOTE
r-release-macos-x86_64 0.8.6 110.00 NOTE
r-release-windows-x86_64 0.8.6 145.00 95.00 240.00 OK
r-oldrel-macos-arm64 0.8.6 77.00 NOTE
r-oldrel-macos-x86_64 0.8.6 104.00 NOTE
r-oldrel-windows-ix86+x86_64 0.8.6 423.00 97.00 520.00 OK

Check Details

Version: 0.8.6
Check: installed package size
Result: NOTE
     installed size is 20.6Mb
     sub-directories of 1Mb or more:
     libs 20.4Mb
Flavors: r-release-macos-arm64, r-release-macos-x86_64, r-oldrel-macos-arm64, r-oldrel-macos-x86_64