Last updated on 2023-09-27 21:01:33 CEST.
Flavor | Version | Tinstall | Tcheck | Ttotal | Status | Flags |
---|---|---|---|---|---|---|
r-devel-linux-x86_64-debian-clang | 0.8.7 | 185.97 | 36.85 | 222.82 | OK | |
r-devel-linux-x86_64-debian-gcc | 0.8.7 | 169.48 | 28.58 | 198.06 | OK | |
r-devel-linux-x86_64-fedora-clang | 0.8.7 | 356.29 | OK | |||
r-devel-linux-x86_64-fedora-gcc | 0.8.7 | 396.44 | OK | |||
r-devel-windows-x86_64 | 0.8.7 | 149.00 | 80.00 | 229.00 | OK | |
r-patched-linux-x86_64 | 0.8.7 | 221.79 | 36.41 | 258.20 | OK | |
r-release-linux-x86_64 | 0.8.7 | 216.24 | 36.53 | 252.77 | OK | |
r-release-macos-arm64 | 0.8.7 | 95.00 | NOTE | |||
r-release-macos-x86_64 | 0.8.7 | 164.00 | NOTE | |||
r-release-windows-x86_64 | 0.8.7 | 194.00 | 96.00 | 290.00 | OK | |
r-oldrel-macos-arm64 | 0.8.7 | 92.00 | NOTE | |||
r-oldrel-macos-x86_64 | 0.8.7 | 110.00 | NOTE | |||
r-oldrel-windows-x86_64 | 0.8.7 | 176.00 | 91.00 | 267.00 | OK |
Version: 0.8.7
Check: installed package size
Result: NOTE
installed size is 22.8Mb
sub-directories of 1Mb or more:
libs 22.6Mb
Flavors: r-release-macos-arm64, r-release-macos-x86_64, r-oldrel-macos-arm64, r-oldrel-macos-x86_64