CRAN Package Check Results for Package rnaturalearthdata

Last updated on 2022-10-04 00:51:46 CEST.

Flavor Version Tinstall Tcheck Ttotal Status Flags
r-devel-linux-x86_64-debian-clang 0.1.0 8.78 34.85 43.63 OK
r-devel-linux-x86_64-debian-gcc 0.1.0 7.11 26.68 33.79 OK
r-devel-linux-x86_64-fedora-clang 0.1.0 65.74 NOTE
r-devel-linux-x86_64-fedora-gcc 0.1.0 62.69 NOTE
r-devel-windows-x86_64 0.1.0 54.00 62.00 116.00 OK
r-patched-linux-x86_64 0.1.0 8.92 33.08 42.00 OK
r-release-linux-x86_64 0.1.0 8.15 32.63 40.78 OK
r-release-macos-arm64 0.1.0 24.00 NOTE
r-release-macos-x86_64 0.1.0 30.00 NOTE
r-release-windows-x86_64 0.1.0 23.00 62.00 85.00 OK
r-oldrel-macos-arm64 0.1.0 27.00 NOTE
r-oldrel-macos-x86_64 0.1.0 39.00 NOTE
r-oldrel-windows-ix86+x86_64 0.1.0 14.00 67.00 81.00 OK

Check Details

Version: 0.1.0
Check: data for non-ASCII characters
Result: NOTE
     Note: found 133 marked Latin-1 strings
Flavors: r-devel-linux-x86_64-fedora-clang, r-devel-linux-x86_64-fedora-gcc, r-release-macos-arm64, r-release-macos-x86_64, r-oldrel-macos-arm64, r-oldrel-macos-x86_64