CRAN Package Check Results for Package rmcfs

Last updated on 2020-06-01 13:49:47 CEST.

Flavor Version Tinstall Tcheck Ttotal Status Flags
r-devel-linux-x86_64-debian-clang 1.3.1 10.81 181.46 192.27 OK
r-devel-linux-x86_64-debian-gcc 1.3.1 8.00 139.88 147.88 OK
r-devel-linux-x86_64-fedora-clang 1.3.1 238.33 OK
r-devel-linux-x86_64-fedora-gcc 1.3.1 221.74 OK
r-devel-windows-ix86+x86_64 1.3.1 35.00 131.00 166.00 OK
r-patched-linux-x86_64 1.3.1 9.20 174.29 183.49 OK
r-patched-solaris-x86 1.3.1 273.30 NOTE
r-release-linux-x86_64 1.3.1 10.60 172.15 182.75 OK
r-release-osx-x86_64 1.3.1 OK
r-release-windows-ix86+x86_64 1.3.1 24.00 163.00 187.00 OK
r-oldrel-osx-x86_64 1.3.1 OK
r-oldrel-windows-ix86+x86_64 1.3.1 20.00 120.00 140.00 OK

Check Details

Version: 1.3.1
Check: installed package size
Result: NOTE
     installed size is 5.2Mb
     sub-directories of 1Mb or more:
     java 4.4Mb
Flavor: r-patched-solaris-x86