CRAN Package Check Results for Package rmBayes

Last updated on 2022-10-01 01:49:15 CEST.

Flavor Version Tinstall Tcheck Ttotal Status Flags
r-devel-linux-x86_64-debian-clang 0.1.15 1203.45 194.54 1397.99 NOTE
r-devel-linux-x86_64-debian-gcc 0.1.15 1157.50 202.71 1360.21 NOTE
r-devel-linux-x86_64-fedora-clang 0.1.15 1788.28 NOTE
r-devel-linux-x86_64-fedora-gcc 0.1.15 2243.01 NOTE
r-devel-windows-x86_64 0.1.15 776.00 332.00 1108.00 NOTE
r-patched-linux-x86_64 0.1.15 1071.59 253.66 1325.25 NOTE
r-release-linux-x86_64 0.1.15 923.91 260.72 1184.63 NOTE
r-release-macos-arm64 0.1.15 342.00 NOTE
r-release-macos-x86_64 0.1.15 621.00 NOTE
r-release-windows-x86_64 0.1.15 1654.00 338.00 1992.00 NOTE
r-oldrel-macos-arm64 0.1.15 328.00 NOTE
r-oldrel-macos-x86_64 0.1.15 624.00 NOTE
r-oldrel-windows-ix86+x86_64 0.1.15 2510.00 18.00 2528.00 ERROR

Check Details

Version: 0.1.15
Check: for GNU extensions in Makefiles
Result: NOTE
    GNU make is a SystemRequirements.
Flavors: r-devel-linux-x86_64-debian-clang, r-devel-linux-x86_64-debian-gcc, r-devel-linux-x86_64-fedora-clang, r-devel-linux-x86_64-fedora-gcc, r-devel-windows-x86_64, r-patched-linux-x86_64, r-release-linux-x86_64, r-release-macos-arm64, r-release-macos-x86_64, r-release-windows-x86_64, r-oldrel-macos-arm64, r-oldrel-macos-x86_64

Version: 0.1.15
Check: installed package size
Result: NOTE
     installed size is 11.7Mb
     sub-directories of 1Mb or more:
     libs 11.3Mb
Flavors: r-devel-linux-x86_64-fedora-clang, r-devel-windows-x86_64, r-release-macos-arm64, r-release-macos-x86_64, r-release-windows-x86_64, r-oldrel-macos-arm64, r-oldrel-macos-x86_64

Version: 0.1.15
Check: whether package can be installed
Result: ERROR
    Installation failed.
Flavor: r-oldrel-windows-ix86+x86_64