CRAN Package Check Results for Package rly

Last updated on 2020-07-07 02:08:34 CEST.

Flavor Version Tinstall Tcheck Ttotal Status Flags
r-devel-linux-x86_64-debian-clang 1.6.2 12.56 42.28 54.84 NOTE
r-devel-linux-x86_64-debian-gcc 1.6.2 11.09 32.46 43.55 NOTE
r-devel-linux-x86_64-fedora-clang 1.6.2 78.75 NOTE
r-devel-linux-x86_64-fedora-gcc 1.6.2 69.36 NOTE
r-devel-windows-ix86+x86_64 1.6.2 28.00 81.00 109.00 OK
r-patched-linux-x86_64 1.6.2 14.64 41.69 56.33 NOTE
r-patched-solaris-x86 1.6.2 88.60 NOTE
r-release-linux-x86_64 1.6.2 12.36 42.27 54.63 NOTE
r-release-osx-x86_64 1.6.2 OK
r-release-windows-ix86+x86_64 1.6.2 25.00 79.00 104.00 OK
r-oldrel-osx-x86_64 1.6.2 OK
r-oldrel-windows-ix86+x86_64 1.6.2 25.00 105.00 130.00 OK

Check Details

Version: 1.6.2
Check: for non-standard things in the check directory
Result: NOTE
    Found the following files/directories:
     'file.out'
Flavors: r-devel-linux-x86_64-debian-clang, r-devel-linux-x86_64-debian-gcc, r-devel-linux-x86_64-fedora-clang, r-devel-linux-x86_64-fedora-gcc, r-patched-linux-x86_64, r-patched-solaris-x86, r-release-linux-x86_64