CRAN Package Check Results for Package rkeops

Last updated on 2022-10-05 18:49:10 CEST.

Flavor Version Tinstall Tcheck Ttotal Status Flags
r-devel-linux-x86_64-debian-clang 1.4.2.2 24.53 43.87 68.40 NOTE
r-devel-linux-x86_64-debian-gcc 1.4.2.2 16.15 34.59 50.74 NOTE
r-devel-linux-x86_64-fedora-clang 1.4.2.2 104.09 NOTE
r-devel-linux-x86_64-fedora-gcc 1.4.2.2 91.93 NOTE
r-patched-linux-x86_64 1.4.2.2 19.98 40.43 60.41 NOTE
r-release-linux-x86_64 1.4.2.2 22.22 40.64 62.86 NOTE
r-release-macos-arm64 1.4.2.2 31.00 NOTE
r-release-macos-x86_64 1.4.2.2 40.00 NOTE
r-oldrel-macos-arm64 1.4.2.2 38.00 NOTE
r-oldrel-macos-x86_64 1.4.2.2 53.00 NOTE

Check Details

Version: 1.4.2.2
Check: LazyData
Result: NOTE
     'LazyData' is specified without a 'data' directory
Flavors: r-devel-linux-x86_64-debian-clang, r-devel-linux-x86_64-debian-gcc, r-devel-linux-x86_64-fedora-clang, r-devel-linux-x86_64-fedora-gcc, r-patched-linux-x86_64, r-release-linux-x86_64, r-release-macos-arm64, r-release-macos-x86_64, r-oldrel-macos-arm64, r-oldrel-macos-x86_64