CRAN Package Check Results for Package rintimg

Last updated on 2022-09-29 00:52:59 CEST.

Flavor Version Tinstall Tcheck Ttotal Status Flags
r-devel-linux-x86_64-debian-clang 0.1.0 1.91 20.75 22.66 NOTE
r-devel-linux-x86_64-debian-gcc 0.1.0 1.49 16.38 17.87 NOTE
r-devel-linux-x86_64-fedora-clang 0.1.0 40.60 NOTE
r-devel-linux-x86_64-fedora-gcc 0.1.0 37.44 NOTE
r-devel-windows-x86_64 0.1.0 10.00 48.00 58.00 NOTE
r-patched-linux-x86_64 0.1.0 1.88 20.20 22.08 NOTE
r-release-linux-x86_64 0.1.0 1.56 20.16 21.72 NOTE
r-release-macos-arm64 0.1.0 14.00 NOTE
r-release-macos-x86_64 0.1.0 19.00 NOTE
r-release-windows-x86_64 0.1.0 8.00 59.00 67.00 NOTE
r-oldrel-macos-arm64 0.1.0 18.00 NOTE
r-oldrel-macos-x86_64 0.1.0 23.00 NOTE
r-oldrel-windows-ix86+x86_64 0.1.0 5.00 43.00 48.00 NOTE

Check Details

Version: 0.1.0
Check: LazyData
Result: NOTE
     'LazyData' is specified without a 'data' directory
Flavors: r-devel-linux-x86_64-debian-clang, r-devel-linux-x86_64-debian-gcc, r-devel-linux-x86_64-fedora-clang, r-devel-linux-x86_64-fedora-gcc, r-devel-windows-x86_64, r-patched-linux-x86_64, r-release-linux-x86_64, r-release-macos-arm64, r-release-macos-x86_64, r-release-windows-x86_64, r-oldrel-macos-arm64, r-oldrel-macos-x86_64, r-oldrel-windows-ix86+x86_64