CRAN Package Check Results for Package ring

Last updated on 2022-11-26 05:51:59 CET.

Flavor Version Tinstall Tcheck Ttotal Status Flags
r-devel-linux-x86_64-debian-clang 1.0.3 6.35 48.58 54.93 WARN
r-devel-linux-x86_64-debian-gcc 1.0.3 5.07 37.38 42.45 WARN
r-devel-linux-x86_64-fedora-clang 1.0.3 80.37 WARN
r-devel-linux-x86_64-fedora-gcc 1.0.3 75.92 WARN
r-devel-windows-x86_64 1.0.3 31.00 89.00 120.00 OK
r-patched-linux-x86_64 1.0.3 OK
r-release-linux-x86_64 1.0.3 5.80 43.83 49.63 OK
r-release-macos-arm64 1.0.3 24.00 OK
r-release-macos-x86_64 1.0.3 32.00 OK
r-release-windows-x86_64 1.0.3 22.00 84.00 106.00 OK
r-oldrel-macos-arm64 1.0.3 30.00 OK
r-oldrel-macos-x86_64 1.0.3 31.00 OK
r-oldrel-windows-ix86+x86_64 1.0.3 16.00 92.00 108.00 OK

Check Details

Version: 1.0.3
Check: whether package can be installed
Result: WARN
    Found the following significant warnings:
     ./convert.h:12:18: warning: a function declaration without a prototype is deprecated in all versions of C [-Wstrict-prototypes]
     convert.c:79:18: warning: a function declaration without a prototype is deprecated in all versions of C [-Wstrict-prototypes]
Flavors: r-devel-linux-x86_64-debian-clang, r-devel-linux-x86_64-fedora-clang

Version: 1.0.3
Check: whether package can be installed
Result: WARN
    Found the following significant warnings:
     convert.h:12:1: warning: function declaration isn’t a prototype [-Wstrict-prototypes]
     convert.c:79:6: warning: function declaration isn’t a prototype [-Wstrict-prototypes]
Flavors: r-devel-linux-x86_64-debian-gcc, r-devel-linux-x86_64-fedora-gcc