CRAN Package Check Results for Package riem

Last updated on 2021-04-09 19:49:39 CEST.

Flavor Version Tinstall Tcheck Ttotal Status Flags
r-devel-linux-x86_64-debian-clang 0.1.1 1.97 25.09 27.06 NOTE
r-devel-linux-x86_64-debian-gcc 0.1.1 1.59 19.94 21.53 NOTE
r-devel-linux-x86_64-fedora-clang 0.1.1 40.48 NOTE
r-devel-linux-x86_64-fedora-gcc 0.1.1 30.58 NOTE
r-devel-windows-ix86+x86_64 0.1.1 5.00 34.00 39.00 NOTE
r-devel-windows-x86_64-gcc10-UCRT 0.1.1 NOTE
r-patched-linux-x86_64 0.1.1 1.89 24.67 26.56 OK
r-patched-solaris-x86 0.1.1 52.30 OK
r-release-linux-x86_64 0.1.1 OK
r-release-macos-x86_64 0.1.1 OK
r-release-windows-ix86+x86_64 0.1.1 7.00 44.00 51.00 OK
r-oldrel-macos-x86_64 0.1.1 OK
r-oldrel-windows-ix86+x86_64 0.1.1 4.00 28.00 32.00 OK

Check Details

Version: 0.1.1
Check: LazyData
Result: NOTE
     'LazyData' is specified without a 'data' directory
Flavors: r-devel-linux-x86_64-debian-clang, r-devel-linux-x86_64-debian-gcc, r-devel-linux-x86_64-fedora-clang, r-devel-linux-x86_64-fedora-gcc, r-devel-windows-ix86+x86_64, r-devel-windows-x86_64-gcc10-UCRT