CRAN Package Check Results for Package ridge

Last updated on 2024-06-15 06:49:55 CEST.

Flavor Version Tinstall Tcheck Ttotal Status Flags
r-devel-linux-x86_64-debian-clang 3.3 12.45 47.62 60.07 OK
r-devel-linux-x86_64-debian-gcc 3.3 9.29 40.87 50.16 OK
r-devel-linux-x86_64-fedora-clang 3.3 75.70 OK
r-devel-linux-x86_64-fedora-gcc 3.3 79.27 OK
r-devel-windows-x86_64 3.3 15.00 68.00 83.00 OK
r-patched-linux-x86_64 3.3 11.17 50.82 61.99 OK
r-release-linux-x86_64 3.3 11.08 51.30 62.38 OK
r-release-macos-arm64 3.3 33.00 OK
r-release-macos-x86_64 3.3 46.00 OK
r-release-windows-x86_64 3.3 15.00 73.00 88.00 OK
r-oldrel-macos-arm64 3.3 36.00 OK
r-oldrel-macos-x86_64 3.3 44.00 ERROR
r-oldrel-windows-x86_64 3.3 14.00 80.00 94.00 OK

Check Details

Version: 3.3
Check: examples
Result: ERROR Running examples in ‘ridge-Ex.R’ failed The error most likely occurred in: > ### Name: pvals > ### Title: Compute p-values for ridgeLinear and ridgeLogistic models > ### Aliases: pvals pvals.ridgeLinear pvals.ridgeLogistic > ### plot.pvalsRidgeLinear plot.pvalsRidgeLogistic print.pvalsRidgeLinear > ### print.pvalsRidgeLogistic > > ### ** Examples > > data(GenBin) > mod <- logisticRidge(Phenotypes ~ ., data = as.data.frame(GenBin)) Execution halted Flavor: r-oldrel-macos-x86_64