CRAN Package Check Results for Package ricu

Last updated on 2022-08-07 18:51:58 CEST.

Flavor Version Tinstall Tcheck Ttotal Status Flags
r-devel-linux-x86_64-debian-clang 0.5.3 16.76 201.60 218.36 NOTE
r-devel-linux-x86_64-debian-gcc 0.5.3 14.65 145.12 159.77 NOTE
r-devel-linux-x86_64-fedora-clang 0.5.3 261.36 NOTE
r-devel-linux-x86_64-fedora-gcc 0.5.3 252.47 NOTE
r-devel-windows-x86_64 0.5.3 84.00 247.00 331.00 NOTE
r-patched-linux-x86_64 0.5.3 17.64 186.75 204.39 NOTE
r-release-linux-x86_64 0.5.3 11.67 183.06 194.73 NOTE
r-release-macos-arm64 0.5.3 74.00 WARN
r-release-macos-x86_64 0.5.3 92.00 WARN
r-release-windows-x86_64 0.5.3 94.00 251.00 345.00 NOTE
r-oldrel-macos-arm64 0.5.3 89.00 WARN
r-oldrel-macos-x86_64 0.5.3 103.00 WARN
r-oldrel-windows-ix86+x86_64 0.5.3 39.00 211.00 250.00 NOTE

Check Details

Version: 0.5.3
Check: package dependencies
Result: NOTE
    Packages suggested but not available for checking:
     'mimic.demo', 'eicu.demo'
Flavors: r-devel-linux-x86_64-debian-clang, r-devel-linux-x86_64-debian-gcc, r-devel-linux-x86_64-fedora-clang, r-devel-linux-x86_64-fedora-gcc, r-devel-windows-x86_64, r-patched-linux-x86_64, r-release-linux-x86_64, r-release-macos-arm64, r-release-macos-x86_64, r-release-windows-x86_64, r-oldrel-macos-arm64, r-oldrel-macos-x86_64, r-oldrel-windows-ix86+x86_64

Version: 0.5.3
Check: re-building of vignette outputs
Result: WARN
    Error(s) in re-building vignettes:
     ...
    --- re-building ‘jss.Rmd’ using rmarkdown
    ! LaTeX Error: File `orcidlink.sty' not found.
    
    ! Emergency stop.
    <read *>
    
    Error: processing vignette 'jss.Rmd' failed with diagnostics:
    LaTeX failed to compile /Volumes/Builds/packages/big-sur-arm64/results/4.2/ricu.Rcheck/vign_test/ricu/vignettes/jss.tex. See https://yihui.org/tinytex/r/#debugging for debugging tips. See jss.log for more info.
    --- failed re-building ‘jss.Rmd’
    
    --- re-building ‘ricu.Rmd’ using rmarkdown
    --- finished re-building ‘ricu.Rmd’
    
    --- re-building ‘uom.Rmd’ using rmarkdown
    --- finished re-building ‘uom.Rmd’
    
    SUMMARY: processing the following file failed:
     ‘jss.Rmd’
    
    Error: Vignette re-building failed.
    Execution halted
Flavor: r-release-macos-arm64

Version: 0.5.3
Check: re-building of vignette outputs
Result: WARN
    Error(s) in re-building vignettes:
     ...
    --- re-building ‘jss.Rmd’ using rmarkdown
    ! LaTeX Error: File `orcidlink.sty' not found.
    
    ! Emergency stop.
    <read *>
    
    Error: processing vignette 'jss.Rmd' failed with diagnostics:
    LaTeX failed to compile /Volumes/Builds/packages/high-sierra-x86_64/results/4.2/ricu.Rcheck/vign_test/ricu/vignettes/jss.tex. See https://yihui.org/tinytex/r/#debugging for debugging tips. See jss.log for more info.
    --- failed re-building ‘jss.Rmd’
    
    --- re-building ‘ricu.Rmd’ using rmarkdown
    --- finished re-building ‘ricu.Rmd’
    
    --- re-building ‘uom.Rmd’ using rmarkdown
    --- finished re-building ‘uom.Rmd’
    
    SUMMARY: processing the following file failed:
     ‘jss.Rmd’
    
    Error: Vignette re-building failed.
    Execution halted
Flavor: r-release-macos-x86_64

Version: 0.5.3
Check: re-building of vignette outputs
Result: WARN
    Error(s) in re-building vignettes:
     ...
    --- re-building ‘jss.Rmd’ using rmarkdown
    ! LaTeX Error: File `orcidlink.sty' not found.
    
    ! Emergency stop.
    <read *>
    
    Error: processing vignette 'jss.Rmd' failed with diagnostics:
    LaTeX failed to compile /Volumes/Builds/packages/big-sur-arm64/results/4.1/ricu.Rcheck/vign_test/ricu/vignettes/jss.tex. See https://yihui.org/tinytex/r/#debugging for debugging tips. See jss.log for more info.
    --- failed re-building ‘jss.Rmd’
    
    --- re-building ‘ricu.Rmd’ using rmarkdown
    --- finished re-building ‘ricu.Rmd’
    
    --- re-building ‘uom.Rmd’ using rmarkdown
    --- finished re-building ‘uom.Rmd’
    
    SUMMARY: processing the following file failed:
     ‘jss.Rmd’
    
    Error: Vignette re-building failed.
    Execution halted
Flavor: r-oldrel-macos-arm64

Version: 0.5.3
Check: re-building of vignette outputs
Result: WARN
    Error(s) in re-building vignettes:
     ...
    --- re-building ‘jss.Rmd’ using rmarkdown
    ! LaTeX Error: File `orcidlink.sty' not found.
    
    ! Emergency stop.
    <read *>
    
    Error: processing vignette 'jss.Rmd' failed with diagnostics:
    LaTeX failed to compile /Volumes/Builds/packages/high-sierra-x86_64/results/4.1/ricu.Rcheck/vign_test/ricu/vignettes/jss.tex. See https://yihui.org/tinytex/r/#debugging for debugging tips. See jss.log for more info.
    --- failed re-building ‘jss.Rmd’
    
    --- re-building ‘ricu.Rmd’ using rmarkdown
    --- finished re-building ‘ricu.Rmd’
    
    --- re-building ‘uom.Rmd’ using rmarkdown
    --- finished re-building ‘uom.Rmd’
    
    SUMMARY: processing the following file failed:
     ‘jss.Rmd’
    
    Error: Vignette re-building failed.
    Execution halted
Flavor: r-oldrel-macos-x86_64