Last updated on 2022-08-12 21:53:12 CEST.
Flavor | Version | Tinstall | Tcheck | Ttotal | Status | Flags |
---|---|---|---|---|---|---|
r-devel-linux-x86_64-debian-clang | 0.3.0 | 3.16 | 33.02 | 36.18 | OK | |
r-devel-linux-x86_64-debian-gcc | 0.3.0 | 2.02 | 25.54 | 27.56 | OK | |
r-devel-linux-x86_64-fedora-clang | 0.3.0 | 57.30 | NOTE | |||
r-devel-linux-x86_64-fedora-gcc | 0.3.0 | 53.29 | NOTE | |||
r-devel-windows-x86_64 | 0.3.0 | 20.00 | 63.00 | 83.00 | OK | |
r-patched-linux-x86_64 | 0.3.0 | 4.27 | 31.61 | 35.88 | OK | |
r-release-linux-x86_64 | 0.3.0 | 3.34 | 31.22 | 34.56 | OK | |
r-release-macos-arm64 | 0.2.0 | 19.00 | NOTE | |||
r-release-macos-x86_64 | 0.3.0 | 27.00 | NOTE | |||
r-release-windows-x86_64 | 0.3.0 | 20.00 | 66.00 | 86.00 | OK | |
r-oldrel-macos-arm64 | 0.2.0 | 17.00 | NOTE | |||
r-oldrel-macos-x86_64 | 0.3.0 | 25.00 | NOTE | |||
r-oldrel-windows-ix86+x86_64 | 0.3.0 | 8.00 | 53.00 | 61.00 | OK |
Version: 0.3.0
Check: dependencies in R code
Result: NOTE
Namespace in Imports field not imported from: ‘R6’
All declared Imports should be used.
Flavors: r-devel-linux-x86_64-fedora-clang, r-devel-linux-x86_64-fedora-gcc, r-release-macos-x86_64, r-oldrel-macos-x86_64
Version: 0.2.0
Check: dependencies in R code
Result: NOTE
Namespace in Imports field not imported from: ‘R6’
All declared Imports should be used.
Flavors: r-release-macos-arm64, r-oldrel-macos-arm64