CRAN Package Check Results for Package rgr

Last updated on 2020-10-28 01:49:43 CET.

Flavor Version Tinstall Tcheck Ttotal Status Flags
r-devel-linux-x86_64-debian-clang 1.1.15 11.26 82.66 93.92 NOTE
r-devel-linux-x86_64-debian-gcc 1.1.15 9.98 62.63 72.61 NOTE
r-devel-linux-x86_64-fedora-clang 1.1.15 118.69 NOTE
r-devel-linux-x86_64-fedora-gcc 1.1.15 114.51 NOTE
r-devel-windows-ix86+x86_64 1.1.15 19.00 91.00 110.00 OK
r-patched-linux-x86_64 1.1.15 NOTE
r-patched-solaris-x86 1.1.15 135.60 NOTE
r-release-linux-x86_64 1.1.15 11.72 78.29 90.01 NOTE
r-release-macos-x86_64 1.1.15 OK
r-release-windows-ix86+x86_64 1.1.15 16.00 81.00 97.00 OK
r-oldrel-macos-x86_64 1.1.15 OK
r-oldrel-windows-ix86+x86_64 1.1.15 26.00 101.00 127.00 OK

Check Details

Version: 1.1.15
Check: for non-standard things in the check directory
Result: NOTE
    Found the following files/directories:
     'MD_display.csv' 'kola.c_COUNTRY_Cu.csv'
     'kola.c_COUNTRY_Cu_fences.txt' 'ogrady.mvalloc_mvalloc.csv'
     'sind.mat2open_NGR_summary.csv' 'sind.save_PC-loadings.csv'
     'sind.save_PC-scores.csv' 'test.save.mvalloc_mvalloc.csv'
Flavors: r-devel-linux-x86_64-debian-clang, r-devel-linux-x86_64-debian-gcc, r-devel-linux-x86_64-fedora-clang, r-devel-linux-x86_64-fedora-gcc, r-patched-linux-x86_64, r-patched-solaris-x86, r-release-linux-x86_64