CRAN Package Check Results for Package rgoogleslides

Last updated on 2024-06-13 06:58:15 CEST.

Flavor Version Tinstall Tcheck Ttotal Status Flags
r-devel-linux-x86_64-debian-clang 0.3.2 6.59 29.68 36.27 NOTE
r-devel-linux-x86_64-debian-gcc 0.3.2 4.42 22.58 27.00 NOTE
r-devel-linux-x86_64-fedora-clang 0.3.2 45.55 NOTE
r-devel-linux-x86_64-fedora-gcc 0.3.2 42.71 NOTE
r-devel-windows-x86_64 0.3.2 6.00 48.00 54.00 NOTE
r-patched-linux-x86_64 0.3.2 8.96 28.54 37.50 NOTE
r-release-linux-x86_64 0.3.2 5.48 28.77 34.25 NOTE
r-release-macos-arm64 0.3.2 19.00 NOTE
r-release-macos-x86_64 0.3.2 26.00 NOTE
r-release-windows-x86_64 0.3.2 6.00 49.00 55.00 NOTE
r-oldrel-macos-arm64 0.3.2 19.00 NOTE
r-oldrel-macos-x86_64 0.3.2 24.00 NOTE
r-oldrel-windows-x86_64 0.3.2 7.00 52.00 59.00 NOTE

Check Details

Version: 0.3.2
Check: LazyData
Result: NOTE 'LazyData' is specified without a 'data' directory Flavors: r-devel-linux-x86_64-debian-clang, r-devel-linux-x86_64-debian-gcc, r-devel-linux-x86_64-fedora-clang, r-devel-linux-x86_64-fedora-gcc, r-devel-windows-x86_64, r-patched-linux-x86_64, r-release-linux-x86_64, r-release-macos-arm64, r-release-macos-x86_64, r-release-windows-x86_64, r-oldrel-macos-arm64, r-oldrel-macos-x86_64, r-oldrel-windows-x86_64

Version: 0.3.2
Check: package dependencies
Result: NOTE Package suggested but not available for checking: ‘testthat’ Flavor: r-devel-linux-x86_64-debian-gcc