CRAN Package Check Results for Package rgeoprofile

Last updated on 2022-10-06 12:55:36 CEST.

Flavor Version Tinstall Tcheck Ttotal Status Flags
r-devel-linux-x86_64-debian-clang 0.2.2 10.33 110.83 121.16 OK
r-devel-linux-x86_64-debian-gcc 0.2.2 8.41 82.92 91.33 OK
r-devel-linux-x86_64-fedora-clang 0.2.2 158.03 NOTE
r-devel-linux-x86_64-fedora-gcc 0.2.2 146.46 NOTE
r-devel-windows-x86_64 0.2.2 45.00 147.00 192.00 OK
r-patched-linux-x86_64 0.2.2 6.68 103.03 109.71 OK
r-release-linux-x86_64 0.2.2 6.88 102.69 109.57 OK
r-release-macos-arm64 0.2.2 39.00 NOTE
r-release-macos-x86_64 0.2.2 72.00 NOTE
r-release-windows-x86_64 0.2.2 33.00 151.00 184.00 OK
r-oldrel-macos-arm64 0.2.2 100.00 NOTE
r-oldrel-macos-x86_64 0.2.2 65.00 NOTE
r-oldrel-windows-ix86+x86_64 0.2.2 21.00 129.00 150.00 OK

Check Details

Version: 0.2.2
Check: dependencies in R code
Result: NOTE
    Namespaces in Imports field not imported from:
     ‘leaflet’ ‘pals’ ‘raster’ ‘sp’
     All declared Imports should be used.
Flavors: r-devel-linux-x86_64-fedora-clang, r-devel-linux-x86_64-fedora-gcc, r-release-macos-arm64, r-release-macos-x86_64, r-oldrel-macos-arm64, r-oldrel-macos-x86_64