CRAN Package Check Results for Package rgeolocate

Last updated on 2022-10-03 21:53:48 CEST.

Flavor Version Tinstall Tcheck Ttotal Status Flags
r-devel-linux-x86_64-debian-clang 1.4.2 43.30 37.16 80.46 OK
r-devel-linux-x86_64-debian-gcc 1.4.2 38.49 28.54 67.03 OK
r-devel-linux-x86_64-fedora-clang 1.4.2 136.78 OK
r-devel-linux-x86_64-fedora-gcc 1.4.2 118.78 OK
r-devel-windows-x86_64 1.4.2 102.00 86.00 188.00 NOTE
r-patched-linux-x86_64 1.4.2 42.20 35.66 77.86 OK
r-release-linux-x86_64 1.4.2 36.99 35.33 72.32 OK
r-release-macos-arm64 1.4.2 43.00 NOTE
r-release-macos-x86_64 1.4.2 58.00 NOTE
r-release-windows-x86_64 1.4.2 71.00 86.00 157.00 NOTE
r-oldrel-macos-arm64 1.4.2 42.00 NOTE
r-oldrel-macos-x86_64 1.4.2 58.00 NOTE
r-oldrel-windows-ix86+x86_64 1.4.2 138.00 84.00 222.00 NOTE

Check Details

Version: 1.4.2
Check: installed package size
Result: NOTE
     installed size is 5.6Mb
     sub-directories of 1Mb or more:
     extdata 4.4Mb
     libs 1.1Mb
Flavors: r-devel-windows-x86_64, r-release-macos-arm64, r-release-macos-x86_64, r-release-windows-x86_64, r-oldrel-macos-arm64, r-oldrel-macos-x86_64, r-oldrel-windows-ix86+x86_64