CRAN Package Check Results for Package rgee

Last updated on 2022-09-27 00:51:13 CEST.

Flavor Version Tinstall Tcheck Ttotal Status Flags
r-devel-linux-x86_64-debian-clang 1.1.5 26.27 147.75 174.02 OK
r-devel-linux-x86_64-debian-gcc 1.1.5 18.84 110.53 129.37 OK
r-devel-linux-x86_64-fedora-clang 1.1.5 227.18 NOTE
r-devel-linux-x86_64-fedora-gcc 1.1.5 219.55 NOTE
r-devel-windows-x86_64 1.1.5 53.00 152.00 205.00 NOTE
r-patched-linux-x86_64 1.1.5 26.53 137.88 164.41 OK
r-release-linux-x86_64 1.1.5 18.93 139.48 158.41 OK
r-release-macos-arm64 1.1.5 64.00 NOTE
r-release-macos-x86_64 1.1.5 87.00 NOTE
r-release-windows-x86_64 1.1.5 69.00 202.00 271.00 NOTE
r-oldrel-macos-arm64 1.1.5 60.00 NOTE
r-oldrel-macos-x86_64 1.1.5 92.00 NOTE
r-oldrel-windows-ix86+x86_64 1.1.5 46.00 196.00 242.00 NOTE

Check Details

Version: 1.1.5
Check: installed package size
Result: NOTE
     installed size is 8.0Mb
     sub-directories of 1Mb or more:
     doc 6.6Mb
Flavors: r-devel-linux-x86_64-fedora-clang, r-devel-windows-x86_64, r-release-macos-arm64, r-release-macos-x86_64, r-release-windows-x86_64, r-oldrel-macos-arm64, r-oldrel-macos-x86_64, r-oldrel-windows-ix86+x86_64

Version: 1.1.5
Check: dependencies in R code
Result: NOTE
    Namespace in Imports field not imported from: ‘R6’
     All declared Imports should be used.
Flavors: r-devel-linux-x86_64-fedora-clang, r-devel-linux-x86_64-fedora-gcc, r-release-macos-arm64, r-release-macos-x86_64, r-oldrel-macos-arm64, r-oldrel-macos-x86_64