CRAN Package Check Results for Package revulyticsR

Last updated on 2022-08-15 19:51:27 CEST.

Flavor Version Tinstall Tcheck Ttotal Status Flags
r-devel-linux-x86_64-debian-clang 0.0.3 5.45 51.25 56.70 NOTE
r-devel-linux-x86_64-debian-gcc 0.0.3 4.37 38.65 43.02 NOTE
r-devel-linux-x86_64-fedora-clang 0.0.3 78.15 NOTE
r-devel-linux-x86_64-fedora-gcc 0.0.3 73.29 NOTE
r-devel-windows-x86_64 0.0.3 14.00 78.00 92.00 NOTE
r-patched-linux-x86_64 0.0.3 3.36 47.85 51.21 NOTE
r-release-linux-x86_64 0.0.3 4.28 48.27 52.55 NOTE
r-release-macos-arm64 0.0.3 21.00 NOTE
r-release-macos-x86_64 0.0.3 36.00 NOTE
r-release-windows-x86_64 0.0.3 12.00 80.00 92.00 NOTE
r-oldrel-macos-arm64 0.0.3 25.00 NOTE
r-oldrel-macos-x86_64 0.0.3 30.00 NOTE
r-oldrel-windows-ix86+x86_64 0.0.3 14.00 73.00 87.00 NOTE

Check Details

Version: 0.0.3
Check: LazyData
Result: NOTE
     'LazyData' is specified without a 'data' directory
Flavors: r-devel-linux-x86_64-debian-clang, r-devel-linux-x86_64-debian-gcc, r-devel-linux-x86_64-fedora-clang, r-devel-linux-x86_64-fedora-gcc, r-devel-windows-x86_64, r-patched-linux-x86_64, r-release-linux-x86_64, r-release-macos-arm64, r-release-macos-x86_64, r-release-windows-x86_64, r-oldrel-macos-arm64, r-oldrel-macos-x86_64, r-oldrel-windows-ix86+x86_64