CRAN Package Check Results for Package revulyticsR

Last updated on 2021-04-09 19:49:39 CEST.

Flavor Version Tinstall Tcheck Ttotal Status Flags
r-devel-linux-x86_64-debian-clang 0.0.3 4.20 43.77 47.97 NOTE
r-devel-linux-x86_64-debian-gcc 0.0.3 3.57 33.05 36.62 NOTE
r-devel-linux-x86_64-fedora-clang 0.0.3 61.29 NOTE
r-devel-linux-x86_64-fedora-gcc 0.0.3 51.12 NOTE
r-devel-windows-ix86+x86_64 0.0.3 7.00 47.00 54.00 NOTE
r-devel-windows-x86_64-gcc10-UCRT 0.0.3 NOTE
r-patched-linux-x86_64 0.0.3 4.60 40.79 45.39 OK
r-patched-solaris-x86 0.0.3 84.30 OK
r-release-linux-x86_64 0.0.3 OK
r-release-macos-x86_64 0.0.3 OK
r-release-windows-ix86+x86_64 0.0.3 12.00 60.00 72.00 OK
r-oldrel-macos-x86_64 0.0.3 OK
r-oldrel-windows-ix86+x86_64 0.0.3 9.00 46.00 55.00 OK

Check Details

Version: 0.0.3
Check: LazyData
Result: NOTE
     'LazyData' is specified without a 'data' directory
Flavors: r-devel-linux-x86_64-debian-clang, r-devel-linux-x86_64-debian-gcc, r-devel-linux-x86_64-fedora-clang, r-devel-linux-x86_64-fedora-gcc, r-devel-windows-ix86+x86_64, r-devel-windows-x86_64-gcc10-UCRT