CRAN Package Check Results for Package retrodesign

Last updated on 2022-08-13 00:51:10 CEST.

Flavor Version Tinstall Tcheck Ttotal Status Flags
r-devel-linux-x86_64-debian-clang 0.1.0 2.21 35.08 37.29 NOTE
r-devel-linux-x86_64-debian-gcc 0.1.0 1.95 27.27 29.22 NOTE
r-devel-linux-x86_64-fedora-clang 0.1.0 56.24 NOTE
r-devel-linux-x86_64-fedora-gcc 0.1.0 54.96 NOTE
r-devel-windows-x86_64 0.1.0 29.00 65.00 94.00 NOTE
r-patched-linux-x86_64 0.1.0 2.60 34.74 37.34 NOTE
r-release-linux-x86_64 0.1.0 2.17 34.43 36.60 NOTE
r-release-macos-arm64 0.1.0 17.00 NOTE
r-release-macos-x86_64 0.1.0 27.00 NOTE
r-release-windows-x86_64 0.1.0 29.00 66.00 95.00 NOTE
r-oldrel-macos-arm64 0.1.0 26.00 NOTE
r-oldrel-macos-x86_64 0.1.0 34.00 NOTE
r-oldrel-windows-ix86+x86_64 0.1.0 6.00 51.00 57.00 NOTE

Check Details

Version: 0.1.0
Check: LazyData
Result: NOTE
     'LazyData' is specified without a 'data' directory
Flavors: r-devel-linux-x86_64-debian-clang, r-devel-linux-x86_64-debian-gcc, r-devel-linux-x86_64-fedora-clang, r-devel-linux-x86_64-fedora-gcc, r-devel-windows-x86_64, r-patched-linux-x86_64, r-release-linux-x86_64, r-release-macos-arm64, r-release-macos-x86_64, r-release-windows-x86_64, r-oldrel-macos-arm64, r-oldrel-macos-x86_64, r-oldrel-windows-ix86+x86_64