CRAN Package Check Results for Package restrictedMVN

Last updated on 2020-10-28 01:49:43 CET.

Flavor Version Tinstall Tcheck Ttotal Status Flags
r-devel-linux-x86_64-debian-clang 1.0 2.81 31.92 34.73 OK
r-devel-linux-x86_64-debian-gcc 1.0 1.78 23.67 25.45 OK
r-devel-linux-x86_64-fedora-clang 1.0 50.05 NOTE
r-devel-linux-x86_64-fedora-gcc 1.0 41.68 NOTE
r-devel-windows-ix86+x86_64 1.0 7.00 58.00 65.00 OK
r-patched-linux-x86_64 1.0 OK
r-patched-solaris-x86 1.0 59.70 OK
r-release-linux-x86_64 1.0 2.52 31.34 33.86 OK
r-release-macos-x86_64 1.0 OK
r-release-windows-ix86+x86_64 1.0 5.00 54.00 59.00 OK
r-oldrel-macos-x86_64 1.0 OK
r-oldrel-windows-ix86+x86_64 1.0 17.00 62.00 79.00 OK

Check Details

Version: 1.0
Check: compiled code
Result: NOTE
    File ‘restrictedMVN/libs/restrictedMVN.so’:
     Found no calls to: ‘R_registerRoutines’, ‘R_useDynamicSymbols’
    
    It is good practice to register native routines and to disable symbol
    search.
    
    See ‘Writing portable packages’ in the ‘Writing R Extensions’ manual.
Flavors: r-devel-linux-x86_64-fedora-clang, r-devel-linux-x86_64-fedora-gcc