CRAN Package Check Results for Package reproducible

Last updated on 2020-05-29 19:47:17 CEST.

Flavor Version Tinstall Tcheck Ttotal Status Flags
r-devel-linux-x86_64-debian-clang 1.1.1 33.78 319.23 353.01 OK
r-devel-linux-x86_64-debian-gcc 1.1.1 31.46 234.88 266.34 OK
r-devel-linux-x86_64-fedora-clang 1.1.1 408.43 NOTE
r-devel-linux-x86_64-fedora-gcc 1.1.1 675.41 NOTE
r-devel-windows-ix86+x86_64 1.1.1 75.00 364.00 439.00 OK
r-patched-linux-x86_64 1.1.1 36.83 283.38 320.21 OK
r-patched-solaris-x86 1.1.1 516.70 NOTE
r-release-linux-x86_64 1.1.1 38.50 285.33 323.83 OK
r-release-osx-x86_64 1.1.1 NOTE
r-release-windows-ix86+x86_64 1.1.1 56.00 485.00 541.00 OK
r-oldrel-osx-x86_64 1.1.1 NOTE
r-oldrel-windows-ix86+x86_64 1.1.1 67.00 352.00 419.00 OK

Check Details

Version: 1.1.1
Check: package dependencies
Result: NOTE
    Imports includes 25 non-default packages.
    Importing from so many packages makes the package vulnerable to any of
    them becoming unavailable. Move as many as possible to Suggests and
    use conditionally.
Flavor: r-devel-linux-x86_64-fedora-clang

Version: 1.1.1
Check: dependencies in R code
Result: NOTE
    Namespace in Imports field not imported from: ‘usethis’
     All declared Imports should be used.
Flavors: r-devel-linux-x86_64-fedora-clang, r-devel-linux-x86_64-fedora-gcc, r-patched-solaris-x86, r-release-osx-x86_64, r-oldrel-osx-x86_64