CRAN Package Check Results for Package reproducible

Last updated on 2022-09-27 00:51:13 CEST.

Flavor Version Tinstall Tcheck Ttotal Status Flags
r-devel-linux-x86_64-debian-clang 1.2.10 54.23 483.51 537.74 ERROR
r-devel-linux-x86_64-debian-gcc 1.2.10 36.19 354.39 390.58 ERROR
r-devel-linux-x86_64-fedora-clang 1.2.10 610.68 OK
r-devel-linux-x86_64-fedora-gcc 1.2.10 652.09 OK
r-devel-windows-x86_64 1.2.10 210.00 521.00 731.00 OK
r-patched-linux-x86_64 1.2.10 49.91 453.86 503.77 ERROR
r-release-linux-x86_64 1.2.10 43.03 449.85 492.88 ERROR
r-release-macos-arm64 1.2.10 169.00 OK
r-release-macos-x86_64 1.2.10 204.00 OK
r-release-windows-x86_64 1.2.10 300.00 488.00 788.00 OK
r-oldrel-macos-arm64 1.2.10 131.00 OK
r-oldrel-macos-x86_64 1.2.10 198.00 OK
r-oldrel-windows-ix86+x86_64 1.2.10 87.00 519.00 606.00 OK

Additional issues

M1mac

Check Details

Version: 1.2.10
Check: tests
Result: ERROR
     Running 'test-all.R' [74s/98s]
    Running the tests in 'tests/test-all.R' failed.
    Complete output:
     > library(testthat)
     > test_check("reproducible")
     Loading required package: reproducible
     adding: tmp/RtmpGmHK3n/Require/ZjQzS0/XYnd2hl.tif (stored 0%)
     adding: tmp/RtmpGmHK3n/Require/ZjQzS0/0L9Yq5a.grd (stored 0%)
     Error : TopologyException: Input geom 1 is invalid: Self-intersection at 6.0905735768254896 49.981782482072084
     Error : TopologyException: Input geom 1 is invalid: Self-intersection at 6095858.7074040668 6626138.0681269821
     [ FAIL 1 | WARN 1 | SKIP 67 | PASS 430 ]
    
     == Skipped tests ===============================================================
     * No Drive token (6)
     * On CRAN (52)
     * Temporary pipe for magrittr 2.0 (1)
     * empty test (7)
     * test cloudCache inside Cache -- Not fully written test (1)
    
     == Failed tests ================================================================
     -- Failure (test-postProcessTerra.R:120:7): testing terra ----------------------
     terra::wrap(vv) not identical to terra::wrap(t11).
     Attributes: < Component "crs": 1 string mismatch >
    
     [ FAIL 1 | WARN 1 | SKIP 67 | PASS 430 ]
     Error: Test failures
     Execution halted
Flavor: r-devel-linux-x86_64-debian-clang

Version: 1.2.10
Check: tests
Result: ERROR
     Running ‘test-all.R’ [55s/139s]
    Running the tests in ‘tests/test-all.R’ failed.
    Complete output:
     > library(testthat)
     > test_check("reproducible")
     Loading required package: reproducible
     Error in x$.self$finalize() : attempt to apply non-function
     Error in x$.self$finalize() : attempt to apply non-function
     Error in x$.self$finalize() : attempt to apply non-function
     Error in x$.self$finalize() : attempt to apply non-function
     Error in x$.self$finalize() : attempt to apply non-function
     Error in x$.self$finalize() : attempt to apply non-function
     Error in x$.self$finalize() : attempt to apply non-function
     Error in x$.self$finalize() : attempt to apply non-function
     Error in x$.self$finalize() : attempt to apply non-function
     Error in x$.self$finalize() : attempt to apply non-function
     Error in x$.self$finalize() : attempt to apply non-function
     Error in x$.self$finalize() : attempt to apply non-function
     Error in x$.self$finalize() : attempt to apply non-function
     Error in x$.self$finalize() : attempt to apply non-function
     Error in x$.self$finalize() : attempt to apply non-function
     Error in x$.self$finalize() : attempt to apply non-function
     Error in x$.self$finalize() : attempt to apply non-function
     Error in x$.self$finalize() : attempt to apply non-function
     Error in x$.self$finalize() : attempt to apply non-function
     Error in x$.self$finalize() : attempt to apply non-function
     Error in x$.self$finalize() : attempt to apply non-function
     Error in x$.self$finalize() : attempt to apply non-function
     Error in x$.self$finalize() : attempt to apply non-function
     Error in x$.self$finalize() : attempt to apply non-function
     Error in x$.self$finalize() : attempt to apply non-function
     Error in x$.self$finalize() : attempt to apply non-function
     Error in x$.self$finalize() : attempt to apply non-function
     Error in x$.self$finalize() : attempt to apply non-function
     Error in x$.self$finalize() : attempt to apply non-function
     Error in x$.self$finalize() : attempt to apply non-function
     Error in x$.self$finalize() : attempt to apply non-function
     Error in x$.self$finalize() : attempt to apply non-function
     Error in x$.self$finalize() : attempt to apply non-function
     Error in x$.self$finalize() : attempt to apply non-function
     Error in x$.self$finalize() : attempt to apply non-function
     Error in x$.self$finalize() : attempt to apply non-function
     Error in x$.self$finalize() : attempt to apply non-function
     Error in x$.self$finalize() : attempt to apply non-function
     Error in x$.self$finalize() : attempt to apply non-function
     Error in x$.self$finalize() : attempt to apply non-function
     Error in x$.self$finalize() : attempt to apply non-function
     Error in x$.self$finalize() : attempt to apply non-function
     Error in x$.self$finalize() : attempt to apply non-function
     Error in x$.self$finalize() : attempt to apply non-function
     adding: home/hornik/tmp/scratch/RtmpZ7Lmql/Require/ZjQzS0/XYnd2hl.tif (stored 0%)
     adding: home/hornik/tmp/scratch/RtmpZ7Lmql/Require/ZjQzS0/0L9Yq5a.grd (stored 0%)
     Error in x$.self$finalize() : attempt to apply non-function
     Error in x$.self$finalize() : attempt to apply non-function
     Error in x$.self$finalize() : attempt to apply non-function
     Error : TopologyException: Input geom 1 is invalid: Self-intersection at 6.0905735768254896 49.981782482072084
     Error : TopologyException: Input geom 1 is invalid: Self-intersection at 6095858.7074040668 6626138.0681269821
     [ FAIL 1 | WARN 1 | SKIP 67 | PASS 430 ]
    
     ══ Skipped tests ═══════════════════════════════════════════════════════════════
     • No Drive token (6)
     • On CRAN (52)
     • Temporary pipe for magrittr 2.0 (1)
     • empty test (7)
     • test cloudCache inside Cache -- Not fully written test (1)
    
     ══ Failed tests ════════════════════════════════════════════════════════════════
     ── Failure (test-postProcessTerra.R:120:7): testing terra ──────────────────────
     terra::wrap(vv) not identical to terra::wrap(t11).
     Attributes: < Component "crs": 1 string mismatch >
    
     [ FAIL 1 | WARN 1 | SKIP 67 | PASS 430 ]
     Error: Test failures
     Execution halted
Flavor: r-devel-linux-x86_64-debian-gcc

Version: 1.2.10
Check: tests
Result: ERROR
     Running ‘test-all.R’ [70s/99s]
    Running the tests in ‘tests/test-all.R’ failed.
    Complete output:
     > library(testthat)
     > test_check("reproducible")
     Loading required package: reproducible
     adding: tmp/RtmpNob1zC/Require/ZjQzS0/XYnd2hl.tif (stored 0%)
     adding: tmp/RtmpNob1zC/Require/ZjQzS0/0L9Yq5a.grd (stored 0%)
     Error in x$.self$finalize() : attempt to apply non-function
     Error in x$.self$finalize() : attempt to apply non-function
     Error in x$.self$finalize() : attempt to apply non-function
     Error in x$.self$finalize() : attempt to apply non-function
     Error in x$.self$finalize() : attempt to apply non-function
     Error : TopologyException: Input geom 1 is invalid: Self-intersection at 6.0905735768254896 49.981782482072084
     Error : TopologyException: Input geom 1 is invalid: Self-intersection at 6095858.7074040668 6626138.0681269821
     [ FAIL 2 | WARN 1 | SKIP 67 | PASS 429 ]
    
     ══ Skipped tests ═══════════════════════════════════════════════════════════════
     • No Drive token (6)
     • On CRAN (52)
     • Temporary pipe for magrittr 2.0 (1)
     • empty test (7)
     • test cloudCache inside Cache -- Not fully written test (1)
    
     ══ Failed tests ════════════════════════════════════════════════════════════════
     ── Failure (test-cache.R:164:3): test file-backed raster caching ───────────────
     b1[1] > b2[1] is not TRUE
    
     `actual`: FALSE
     `expected`: TRUE
     ── Failure (test-postProcessTerra.R:120:7): testing terra ──────────────────────
     terra::wrap(vv) not identical to terra::wrap(t11).
     Attributes: < Component "crs": 1 string mismatch >
    
     [ FAIL 2 | WARN 1 | SKIP 67 | PASS 429 ]
     Error: Test failures
     Execution halted
Flavor: r-patched-linux-x86_64

Version: 1.2.10
Check: tests
Result: ERROR
     Running ‘test-all.R’ [67s/91s]
    Running the tests in ‘tests/test-all.R’ failed.
    Complete output:
     > library(testthat)
     > test_check("reproducible")
     Loading required package: reproducible
     adding: tmp/RtmpwAX8hH/Require/ZjQzS0/XYnd2hl.tif (stored 0%)
     adding: tmp/RtmpwAX8hH/Require/ZjQzS0/0L9Yq5a.grd (stored 0%)
     Error in x$.self$finalize() : attempt to apply non-function
     Error in x$.self$finalize() : attempt to apply non-function
     Error in x$.self$finalize() : attempt to apply non-function
     Error : TopologyException: Input geom 1 is invalid: Self-intersection at 6.0905735768254896 49.981782482072084
     Error : TopologyException: Input geom 1 is invalid: Self-intersection at 6095858.7074040668 6626138.0681269821
     [ FAIL 1 | WARN 1 | SKIP 67 | PASS 430 ]
    
     ══ Skipped tests ═══════════════════════════════════════════════════════════════
     • No Drive token (6)
     • On CRAN (52)
     • Temporary pipe for magrittr 2.0 (1)
     • empty test (7)
     • test cloudCache inside Cache -- Not fully written test (1)
    
     ══ Failed tests ════════════════════════════════════════════════════════════════
     ── Failure (test-postProcessTerra.R:120:7): testing terra ──────────────────────
     terra::wrap(vv) not identical to terra::wrap(t11).
     Attributes: < Component "crs": 1 string mismatch >
    
     [ FAIL 1 | WARN 1 | SKIP 67 | PASS 430 ]
     Error: Test failures
     Execution halted
Flavor: r-release-linux-x86_64