CRAN Package Check Results for Package repana

Last updated on 2022-10-04 00:51:46 CEST.

Flavor Version Tinstall Tcheck Ttotal Status Flags
r-devel-linux-x86_64-debian-clang 1.23.2 10.68 114.04 124.72 NOTE
r-devel-linux-x86_64-debian-gcc 1.23.2 7.02 84.90 91.92 NOTE
r-devel-linux-x86_64-fedora-clang 1.23.2 161.81 NOTE
r-devel-linux-x86_64-fedora-gcc 1.23.2 150.02 NOTE
r-devel-windows-x86_64 1.23.2 16.00 150.00 166.00 NOTE
r-patched-linux-x86_64 1.23.2 5.89 108.54 114.43 OK
r-release-linux-x86_64 1.23.2 9.00 107.40 116.40 OK
r-release-macos-arm64 1.23.2 51.00 OK
r-release-macos-x86_64 1.23.2 80.00 OK
r-release-windows-x86_64 1.23.2 21.00 147.00 168.00 OK
r-oldrel-macos-arm64 1.23.2 44.00 OK
r-oldrel-macos-x86_64 1.23.2 47.00 OK
r-oldrel-windows-ix86+x86_64 1.23.2 22.00 163.00 185.00 WARN

Check Details

Version: 1.23.2
Check: package subdirectories
Result: NOTE
    Problems with news in 'NEWS.md':
    No news entries found.
Flavors: r-devel-linux-x86_64-debian-clang, r-devel-linux-x86_64-debian-gcc, r-devel-linux-x86_64-fedora-clang, r-devel-linux-x86_64-fedora-gcc, r-devel-windows-x86_64

Version: 1.23.2
Check: for unstated dependencies in ‘tests’
Result: WARN
    Warning: unable to access index for repository https://bioconductor.org/packages/3.14/bioc/src/contrib:
     cannot open URL 'https://bioconductor.org/packages/3.14/bioc/src/contrib/PACKAGES'
    Warning: unable to access index for repository https://bioconductor.org/packages/3.14/data/annotation/src/contrib:
     cannot open URL 'https://bioconductor.org/packages/3.14/data/annotation/src/contrib/PACKAGES'
    Warning: unable to access index for repository https://bioconductor.org/packages/3.14/data/experiment/src/contrib:
     cannot open URL 'https://bioconductor.org/packages/3.14/data/experiment/src/contrib/PACKAGES'
Flavor: r-oldrel-windows-ix86+x86_64