CRAN Package Check Results for Package remotes

Last updated on 2020-05-29 22:50:15 CEST.

Flavor Version Tinstall Tcheck Ttotal Status Flags
r-devel-linux-x86_64-debian-clang 2.1.1 5.57 48.42 53.99 OK
r-devel-linux-x86_64-debian-gcc 2.1.1 4.74 37.50 42.24 OK
r-devel-linux-x86_64-fedora-clang 2.1.1 65.19 OK
r-devel-linux-x86_64-fedora-gcc 2.1.1 73.10 OK
r-devel-windows-ix86+x86_64 2.1.1 14.00 211.00 225.00 OK
r-patched-linux-x86_64 2.1.1 5.29 48.68 53.97 OK
r-patched-solaris-x86 2.1.1 87.80 OK
r-release-linux-x86_64 2.1.1 4.97 48.05 53.02 OK
r-release-osx-x86_64 2.1.1 WARN
r-release-windows-ix86+x86_64 2.1.1 10.00 233.00 243.00 OK
r-oldrel-osx-x86_64 2.1.1 OK
r-oldrel-windows-ix86+x86_64 2.1.1 14.00 73.00 87.00 OK

Check Details

Version: 2.1.1
Check: re-building of vignette outputs
Result: WARN
    Error(s) in re-building vignettes:
     ...
    --- re-building ‘dependencies.Rmd’ using rmarkdown
    Error: processing vignette 'dependencies.Rmd' failed with diagnostics:
    there is no package called 'stringi'
    --- failed re-building ‘dependencies.Rmd’
    
    SUMMARY: processing the following file failed:
     ‘dependencies.Rmd’
    
    Error: Vignette re-building failed.
    Execution halted
Flavor: r-release-osx-x86_64