Last updated on 2022-08-16 12:53:10 CEST.
Flavor | Version | Tinstall | Tcheck | Ttotal | Status | Flags |
---|---|---|---|---|---|---|
r-devel-linux-x86_64-debian-clang | 1.0.0 | 19.24 | 366.27 | 385.51 | OK | |
r-devel-linux-x86_64-debian-gcc | 1.0.0 | 14.42 | 272.65 | 287.07 | OK | |
r-devel-linux-x86_64-fedora-clang | 1.0.0 | 453.59 | NOTE | |||
r-devel-linux-x86_64-fedora-gcc | 1.0.0 | 533.69 | NOTE | |||
r-devel-windows-x86_64 | 1.0.0 | 34.00 | 402.00 | 436.00 | OK | |
r-patched-linux-x86_64 | 1.0.0 | 16.48 | 350.39 | 366.87 | OK | |
r-release-linux-x86_64 | 1.0.0 | 11.95 | 347.02 | 358.97 | OK | |
r-release-macos-arm64 | 1.0.0 | 163.00 | NOTE | |||
r-release-macos-x86_64 | 1.0.0 | 180.00 | NOTE | |||
r-release-windows-x86_64 | 1.0.0 | 31.00 | 392.00 | 423.00 | OK | |
r-oldrel-macos-arm64 | 1.0.0 | 146.00 | NOTE | |||
r-oldrel-macos-x86_64 | 1.0.0 | 221.00 | NOTE | |||
r-oldrel-windows-ix86+x86_64 | 1.0.0 | 36.00 | 378.00 | 414.00 | OK |
Version: 1.0.0
Check: dependencies in R code
Result: NOTE
Namespace in Imports field not imported from: ‘reshape2’
All declared Imports should be used.
Flavors: r-devel-linux-x86_64-fedora-clang, r-devel-linux-x86_64-fedora-gcc, r-release-macos-arm64, r-release-macos-x86_64, r-oldrel-macos-arm64, r-oldrel-macos-x86_64