CRAN Package Check Results for Package remindR

Last updated on 2023-02-08 18:51:30 CET.

Flavor Version Tinstall Tcheck Ttotal Status Flags
r-devel-linux-x86_64-debian-clang 0.0.1 2.02 23.45 25.47 NOTE
r-devel-linux-x86_64-debian-gcc 0.0.1 1.35 18.33 19.68 NOTE
r-devel-linux-x86_64-fedora-clang 0.0.1 32.77 NOTE
r-devel-linux-x86_64-fedora-gcc 0.0.1 42.98 NOTE
r-devel-windows-x86_64 0.0.1 14.00 56.00 70.00 NOTE
r-patched-linux-x86_64 0.0.1 1.93 23.24 25.17 NOTE
r-release-linux-x86_64 0.0.1 1.75 23.81 25.56 NOTE
r-release-macos-arm64 0.0.1 14.00 NOTE
r-release-macos-x86_64 0.0.1 21.00 NOTE
r-release-windows-x86_64 0.0.1 11.00 59.00 70.00 NOTE
r-oldrel-macos-arm64 0.0.1 18.00 NOTE
r-oldrel-macos-x86_64 0.0.1 32.00 NOTE
r-oldrel-windows-ix86+x86_64 0.0.1 4.00 50.00 54.00 NOTE

Check Details

Version: 0.0.1
Check: LazyData
Result: NOTE
     'LazyData' is specified without a 'data' directory
Flavors: r-devel-linux-x86_64-debian-clang, r-devel-linux-x86_64-debian-gcc, r-devel-linux-x86_64-fedora-clang, r-devel-linux-x86_64-fedora-gcc, r-devel-windows-x86_64, r-patched-linux-x86_64, r-release-linux-x86_64, r-release-macos-arm64, r-release-macos-x86_64, r-release-windows-x86_64, r-oldrel-macos-arm64, r-oldrel-macos-x86_64, r-oldrel-windows-ix86+x86_64