CRAN Package Check Results for Package rematch2

Last updated on 2022-08-15 21:54:46 CEST.

Flavor Version Tinstall Tcheck Ttotal Status Flags
r-devel-linux-x86_64-debian-clang 2.1.2 4.54 41.16 45.70 NOTE
r-devel-linux-x86_64-debian-gcc 2.1.2 3.25 31.44 34.69 NOTE
r-devel-linux-x86_64-fedora-clang 2.1.2 63.61 NOTE
r-devel-linux-x86_64-fedora-gcc 2.1.2 61.88 NOTE
r-devel-windows-x86_64 2.1.2 17.00 63.00 80.00 NOTE
r-patched-linux-x86_64 2.1.2 3.57 39.23 42.80 NOTE
r-release-linux-x86_64 2.1.2 3.29 38.32 41.61 NOTE
r-release-macos-arm64 2.1.2 19.00 NOTE
r-release-macos-x86_64 2.1.2 32.00 NOTE
r-release-windows-x86_64 2.1.2 12.00 63.00 75.00 NOTE
r-oldrel-macos-arm64 2.1.2 25.00 NOTE
r-oldrel-macos-x86_64 2.1.2 35.00 NOTE
r-oldrel-windows-ix86+x86_64 2.1.2 10.00 62.00 72.00 NOTE

Check Details

Version: 2.1.2
Check: LazyData
Result: NOTE
     'LazyData' is specified without a 'data' directory
Flavors: r-devel-linux-x86_64-debian-clang, r-devel-linux-x86_64-debian-gcc, r-devel-linux-x86_64-fedora-clang, r-devel-linux-x86_64-fedora-gcc, r-devel-windows-x86_64, r-patched-linux-x86_64, r-release-linux-x86_64, r-release-macos-arm64, r-release-macos-x86_64, r-release-windows-x86_64, r-oldrel-macos-arm64, r-oldrel-macos-x86_64, r-oldrel-windows-ix86+x86_64

Version: 2.1.2
Check: Rd cross-references
Result: NOTE
    Undeclared package ‘magrittr’ in Rd xrefs
Flavor: r-devel-linux-x86_64-fedora-clang