CRAN Package Check Results for Package relevent

Last updated on 2024-06-22 12:48:40 CEST.

Flavor Version Tinstall Tcheck Ttotal Status Flags
r-devel-linux-x86_64-debian-clang 1.2-1 10.36 52.99 63.35 NOTE
r-devel-linux-x86_64-debian-gcc 1.2-1 8.98 40.16 49.14 NOTE
r-devel-linux-x86_64-fedora-clang 1.2-1 79.47 NOTE
r-devel-linux-x86_64-fedora-gcc 1.2-1 76.95 NOTE
r-devel-windows-x86_64 1.2-1 14.00 59.00 73.00 NOTE
r-patched-linux-x86_64 1.2-1 12.46 49.80 62.26 NOTE
r-release-linux-x86_64 1.2-1 10.43 50.47 60.90 NOTE
r-release-macos-arm64 1.2-1 26.00 NOTE
r-release-macos-x86_64 1.2-1 39.00 NOTE
r-release-windows-x86_64 1.2-1 16.00 59.00 75.00 NOTE
r-oldrel-macos-arm64 1.2-1 28.00 OK
r-oldrel-macos-x86_64 1.2-1 40.00 OK
r-oldrel-windows-x86_64 1.2-1 17.00 64.00 81.00 OK

Check Details

Version: 1.2-1
Check: Rd files
Result: NOTE checkRd: (-1) rem.dyad.Rd:121: Lost braces; missing escapes or markup? 121 | \item Single or multiple covariates, time varying: For \code{CovSnd}, \code{CovRec}, or \code{CovInt}, an \code{m} by \code{p} by {n} array whose respective dimensions index time (i.e., event number), covariate, and actor. For \code{CovEvent}, a \code{m} by \code{p} by \code{n} by \code{n} array, whose dimensions are analogous to the previous case. | ^ Flavors: r-devel-linux-x86_64-debian-clang, r-devel-linux-x86_64-debian-gcc, r-devel-linux-x86_64-fedora-clang, r-devel-linux-x86_64-fedora-gcc, r-devel-windows-x86_64, r-patched-linux-x86_64, r-release-linux-x86_64, r-release-macos-arm64, r-release-macos-x86_64, r-release-windows-x86_64