CRAN Package Check Results for Package regnet

Last updated on 2022-09-29 19:49:05 CEST.

Flavor Version Tinstall Tcheck Ttotal Status Flags
r-devel-linux-x86_64-debian-clang 1.0.0 153.98 63.59 217.57 OK
r-devel-linux-x86_64-debian-gcc 1.0.0 125.80 49.18 174.98 OK
r-devel-linux-x86_64-fedora-clang 1.0.0 363.47 OK
r-devel-linux-x86_64-fedora-gcc 1.0.0 299.07 OK
r-devel-windows-x86_64 1.0.0 121.00 127.00 248.00 OK
r-patched-linux-x86_64 1.0.0 135.98 60.49 196.47 OK
r-release-linux-x86_64 1.0.0 137.82 60.17 197.99 OK
r-release-macos-arm64 1.0.0 70.00 NOTE
r-release-macos-x86_64 1.0.0 93.00 NOTE
r-release-windows-x86_64 1.0.0 131.00 109.00 240.00 OK
r-oldrel-macos-arm64 1.0.0 70.00 NOTE
r-oldrel-macos-x86_64 1.0.0 92.00 NOTE
r-oldrel-windows-ix86+x86_64 1.0.0 416.00 139.00 555.00 NOTE

Check Details

Version: 1.0.0
Check: installed package size
Result: NOTE
     installed size is 7.6Mb
     sub-directories of 1Mb or more:
     data 2.4Mb
     libs 5.1Mb
Flavors: r-release-macos-arm64, r-release-macos-x86_64, r-oldrel-macos-arm64, r-oldrel-macos-x86_64, r-oldrel-windows-ix86+x86_64