CRAN Package Check Results for Package regmedint

Last updated on 2020-10-29 13:48:54 CET.

Flavor Version Tinstall Tcheck Ttotal Status Flags
r-devel-linux-x86_64-debian-clang 0.1.0 8.13 178.69 186.82 OK
r-devel-linux-x86_64-debian-gcc 0.1.0 8.25 131.76 140.01 OK
r-devel-linux-x86_64-fedora-clang 0.1.0 237.77 NOTE
r-devel-linux-x86_64-fedora-gcc 0.1.0 243.80 NOTE
r-devel-windows-ix86+x86_64 0.1.0 23.00 173.00 196.00 OK
r-patched-linux-x86_64 0.1.0 8.87 170.77 179.64 OK
r-patched-solaris-x86 0.1.0 284.40 NOTE
r-release-linux-x86_64 0.1.0 9.51 168.63 178.14 OK
r-release-macos-x86_64 0.1.0 NOTE
r-release-windows-ix86+x86_64 0.1.0 15.00 156.00 171.00 OK
r-oldrel-macos-x86_64 0.1.0 NOTE
r-oldrel-windows-ix86+x86_64 0.1.0 18.00 197.00 215.00 OK

Check Details

Version: 0.1.0
Check: dependencies in R code
Result: NOTE
    Namespace in Imports field not imported from: ‘Deriv’
     All declared Imports should be used.
Flavors: r-devel-linux-x86_64-fedora-clang, r-devel-linux-x86_64-fedora-gcc, r-patched-solaris-x86, r-release-macos-x86_64, r-oldrel-macos-x86_64