CRAN Package Check Results for Package reglogit

Last updated on 2020-10-21 13:50:03 CEST.

Flavor Version Tinstall Tcheck Ttotal Status Flags
r-devel-linux-x86_64-debian-clang 1.2-6 9.52 72.05 81.57 OK
r-devel-linux-x86_64-debian-gcc 1.2-6 7.52 55.39 62.91 OK
r-devel-linux-x86_64-fedora-clang 1.2-6 96.08 NOTE
r-devel-linux-x86_64-fedora-gcc 1.2-6 89.41 OK
r-devel-windows-ix86+x86_64 1.2-6 25.00 109.00 134.00 OK
r-patched-linux-x86_64 1.2-6 8.19 66.26 74.45 OK
r-patched-solaris-x86 1.2-6 143.50 OK
r-release-linux-x86_64 1.2-6 9.98 67.64 77.62 OK
r-release-macos-x86_64 1.2-6 OK
r-release-windows-ix86+x86_64 1.2-6 19.00 82.00 101.00 OK
r-oldrel-macos-x86_64 1.2-6 OK
r-oldrel-windows-ix86+x86_64 1.2-6 23.00 77.00 100.00 OK

Check Details

Version: 1.2-6
Check: Rd cross-references
Result: NOTE
    Undeclared package ‘monomvn’ in Rd xrefs
Flavor: r-devel-linux-x86_64-fedora-clang