Last updated on 2022-08-09 12:53:35 CEST.
Flavor | Version | Tinstall | Tcheck | Ttotal | Status | Flags |
---|---|---|---|---|---|---|
r-devel-linux-x86_64-debian-clang | 1.2-6 | 11.06 | 79.50 | 90.56 | NOTE | |
r-devel-linux-x86_64-debian-gcc | 1.2-6 | 7.98 | 60.46 | 68.44 | NOTE | |
r-devel-linux-x86_64-fedora-clang | 1.2-6 | 111.83 | NOTE | |||
r-devel-linux-x86_64-fedora-gcc | 1.2-6 | 107.76 | NOTE | |||
r-devel-windows-x86_64 | 1.2-6 | 25.00 | 97.00 | 122.00 | NOTE | |
r-patched-linux-x86_64 | 1.2-6 | 7.76 | 76.55 | 84.31 | OK | |
r-release-linux-x86_64 | 1.2-6 | OK | ||||
r-release-macos-arm64 | 1.2-6 | 35.00 | OK | |||
r-release-macos-x86_64 | 1.2-6 | 48.00 | OK | |||
r-release-windows-x86_64 | 1.2-6 | 22.00 | 95.00 | 117.00 | OK | |
r-oldrel-macos-arm64 | 1.2-6 | 43.00 | OK | |||
r-oldrel-macos-x86_64 | 1.2-6 | 67.00 | OK | |||
r-oldrel-windows-ix86+x86_64 | 1.2-6 | 27.00 | 111.00 | 138.00 | OK |
Version: 1.2-6
Check: Rd files
Result: NOTE
checkRd: (-1) pima.Rd:24: Escaped LaTeX specials: \^
checkRd: (-1) reglogit.Rd:120: Escaped LaTeX specials: \&
checkRd: (-1) reglogit.Rd:124: Escaped LaTeX specials: \&
checkRd: (-1) reglogit.Rd:136: Escaped LaTeX specials: \&
Flavors: r-devel-linux-x86_64-debian-clang, r-devel-linux-x86_64-debian-gcc, r-devel-linux-x86_64-fedora-clang, r-devel-linux-x86_64-fedora-gcc, r-devel-windows-x86_64
Version: 1.2-6
Check: Rd cross-references
Result: NOTE
Undeclared package ‘monomvn’ in Rd xrefs
Flavor: r-devel-linux-x86_64-fedora-clang