Last updated on 2023-09-29 21:54:03 CEST.
Flavor | Version | Tinstall | Tcheck | Ttotal | Status | Flags |
---|---|---|---|---|---|---|
r-devel-linux-x86_64-debian-clang | 1.1.1 | 22.79 | 297.93 | 320.72 | OK | |
r-devel-linux-x86_64-debian-gcc | 1.1.1 | 19.06 | 213.52 | 232.58 | OK | |
r-devel-linux-x86_64-fedora-clang | 1.1.1 | 400.99 | NOTE | |||
r-devel-linux-x86_64-fedora-gcc | 1.1.1 | 405.12 | NOTE | |||
r-devel-windows-x86_64 | 1.1.1 | 18.00 | 216.00 | 234.00 | OK | |
r-patched-linux-x86_64 | 1.1.1 | 15.64 | 273.05 | 288.69 | OK | |
r-release-linux-x86_64 | 1.1.1 | 14.31 | 277.75 | 292.06 | OK | |
r-release-macos-arm64 | 1.1.1 | 108.00 | OK | |||
r-release-macos-x86_64 | 1.1.1 | 272.00 | OK | |||
r-release-windows-x86_64 | 1.1.1 | 26.00 | 288.00 | 314.00 | OK | |
r-oldrel-macos-arm64 | 1.1.1 | 104.00 | OK | |||
r-oldrel-macos-x86_64 | 1.1.1 | 141.00 | OK | |||
r-oldrel-windows-x86_64 | 1.1.1 | 26.00 | 272.00 | 298.00 | OK |
Version: 1.1.1
Check: dependencies in R code
Result: NOTE
Namespace in Imports field not imported from: ‘sf’
All declared Imports should be used.
Flavors: r-devel-linux-x86_64-fedora-clang, r-devel-linux-x86_64-fedora-gcc