CRAN Package Check Results for Package reda

Last updated on 2022-08-11 06:51:54 CEST.

Flavor Version Tinstall Tcheck Ttotal Status Flags
r-devel-linux-x86_64-debian-clang 0.5.4 65.46 111.99 177.45 OK
r-devel-linux-x86_64-debian-gcc 0.5.4 53.37 81.74 135.11 OK
r-devel-linux-x86_64-fedora-clang 0.5.4 243.03 NOTE
r-devel-linux-x86_64-fedora-gcc 0.5.4 224.52 OK
r-devel-windows-x86_64 0.5.4 82.00 165.00 247.00 NOTE
r-patched-linux-x86_64 0.5.4 59.02 103.99 163.01 OK
r-release-linux-x86_64 0.5.4 OK
r-release-macos-arm64 0.5.4 65.00 NOTE
r-release-macos-x86_64 0.5.4 83.00 NOTE
r-release-windows-x86_64 0.5.4 79.00 164.00 243.00 NOTE
r-oldrel-macos-arm64 0.5.4 61.00 NOTE
r-oldrel-macos-x86_64 0.5.4 87.00 NOTE
r-oldrel-windows-ix86+x86_64 0.5.4 163.00 190.00 353.00 NOTE

Check Details

Version: 0.5.4
Check: installed package size
Result: NOTE
     installed size is 6.1Mb
     sub-directories of 1Mb or more:
     doc 3.3Mb
     libs 2.1Mb
Flavors: r-devel-linux-x86_64-fedora-clang, r-devel-windows-x86_64, r-release-macos-arm64, r-release-macos-x86_64, r-release-windows-x86_64, r-oldrel-macos-arm64, r-oldrel-macos-x86_64, r-oldrel-windows-ix86+x86_64