CRAN Package Check Results for Package recolorize

Last updated on 2022-12-10 00:50:03 CET.

Flavor Version Tinstall Tcheck Ttotal Status Flags
r-devel-linux-x86_64-debian-clang 0.1.0 5.90 199.27 205.17 OK
r-devel-linux-x86_64-debian-gcc 0.1.0 3.97 146.50 150.47 OK
r-devel-linux-x86_64-fedora-clang 0.1.0 253.42 NOTE
r-devel-linux-x86_64-fedora-gcc 0.1.0 256.61 OK
r-devel-windows-x86_64 0.1.0 78.00 258.00 336.00 OK
r-patched-linux-x86_64 0.1.0 6.42 189.23 195.65 OK
r-release-linux-x86_64 0.1.0 5.03 180.80 185.83 OK
r-release-macos-arm64 0.1.0 94.00 OK
r-release-macos-x86_64 0.1.0 142.00 OK
r-release-windows-x86_64 0.1.0 64.00 225.00 289.00 ERROR
r-oldrel-macos-arm64 0.1.0 76.00 OK
r-oldrel-macos-x86_64 0.1.0 120.00 OK
r-oldrel-windows-ix86+x86_64 0.1.0 10.00 234.00 244.00 OK

Check Details

Version: 0.1.0
Check: Rd cross-references
Result: NOTE
    Undeclared package ‘jpeg’ in Rd xrefs
Flavor: r-devel-linux-x86_64-fedora-clang

Version: 0.1.0
Check: re-building of vignette outputs
Result: ERROR
    Error(s) in re-building vignettes:
    --- re-building 'Introduction.Rmd' using rmarkdown
    --- finished re-building 'Introduction.Rmd'
    
    --- re-building 'step00_prep.Rmd' using rmarkdown
    
    Using 3^3 = 27 total bins
    --- finished re-building 'step00_prep.Rmd'
    
    --- re-building 'step01_loading.Rmd' using rmarkdown
    --- finished re-building 'step01_loading.Rmd'
    
    --- re-building 'step02_initial_cluster.Rmd' using rmarkdown
    --- finished re-building 'step02_initial_cluster.Rmd'
    
    --- re-building 'step03_refinement.Rmd' using rmarkdown
    --- finished re-building 'step03_refinement.Rmd'
    
    --- re-building 'step04_manual_tweak.Rmd' using rmarkdown
Flavor: r-release-windows-x86_64