CRAN Package Check Results for Package rebus.numbers

Last updated on 2022-12-04 00:51:38 CET.

Flavor Version Tinstall Tcheck Ttotal Status Flags
r-devel-linux-x86_64-debian-clang 0.0-1 1.95 24.29 26.24 NOTE
r-devel-linux-x86_64-debian-gcc 0.0-1 1.68 19.22 20.90 NOTE
r-devel-linux-x86_64-fedora-clang 0.0-1 44.19 NOTE
r-devel-linux-x86_64-fedora-gcc 0.0-1 42.15 NOTE
r-devel-windows-x86_64 0.0-1 16.00 52.00 68.00 NOTE
r-patched-linux-x86_64 0.0-1 4.52 23.73 28.25 NOTE
r-release-linux-x86_64 0.0-1 2.00 23.74 25.74 NOTE
r-release-macos-arm64 0.0-1 15.00 NOTE
r-release-macos-x86_64 0.0-1 22.00 NOTE
r-release-windows-x86_64 0.0-1 10.00 53.00 63.00 NOTE
r-oldrel-macos-arm64 0.0-1 22.00 NOTE
r-oldrel-macos-x86_64 0.0-1 27.00 NOTE
r-oldrel-windows-ix86+x86_64 0.0-1 4.00 47.00 51.00 NOTE

Check Details

Version: 0.0-1
Check: LazyData
Result: NOTE
     'LazyData' is specified without a 'data' directory
Flavors: r-devel-linux-x86_64-debian-clang, r-devel-linux-x86_64-debian-gcc, r-devel-linux-x86_64-fedora-clang, r-devel-linux-x86_64-fedora-gcc, r-devel-windows-x86_64, r-patched-linux-x86_64, r-release-linux-x86_64, r-release-macos-arm64, r-release-macos-x86_64, r-release-windows-x86_64, r-oldrel-macos-arm64, r-oldrel-macos-x86_64, r-oldrel-windows-ix86+x86_64