Last updated on 2023-09-26 13:08:40 CEST.
Flavor | Version | Tinstall | Tcheck | Ttotal | Status | Flags |
---|---|---|---|---|---|---|
r-devel-linux-x86_64-debian-clang | 0.0-3 | 2.91 | 27.10 | 30.01 | NOTE | |
r-devel-linux-x86_64-debian-gcc | 0.0-3 | 1.86 | 21.53 | 23.39 | NOTE | |
r-devel-linux-x86_64-fedora-clang | 0.0-3 | 38.17 | NOTE | |||
r-devel-linux-x86_64-fedora-gcc | 0.0-3 | 35.62 | NOTE | |||
r-devel-windows-x86_64 | 0.0-3 | 10.00 | 47.00 | 57.00 | NOTE | |
r-patched-linux-x86_64 | 0.0-3 | 3.33 | 26.69 | 30.02 | NOTE | |
r-release-linux-x86_64 | 0.0-3 | 2.16 | 27.04 | 29.20 | NOTE | |
r-release-macos-arm64 | 0.0-3 | 19.00 | NOTE | |||
r-release-macos-x86_64 | 0.0-3 | 23.00 | NOTE | |||
r-release-windows-x86_64 | 0.0-3 | 3.00 | 46.00 | 49.00 | NOTE | |
r-oldrel-macos-arm64 | 0.0-3 | 17.00 | NOTE | |||
r-oldrel-macos-x86_64 | 0.0-3 | 22.00 | NOTE | |||
r-oldrel-windows-x86_64 | 0.0-3 | 5.00 | 48.00 | 53.00 | NOTE |
Version: 0.0-3
Check: LazyData
Result: NOTE
'LazyData' is specified without a 'data' directory
Flavors: r-devel-linux-x86_64-debian-clang, r-devel-linux-x86_64-debian-gcc, r-devel-linux-x86_64-fedora-clang, r-devel-linux-x86_64-fedora-gcc, r-devel-windows-x86_64, r-patched-linux-x86_64, r-release-linux-x86_64, r-release-macos-arm64, r-release-macos-x86_64, r-release-windows-x86_64, r-oldrel-macos-arm64, r-oldrel-macos-x86_64, r-oldrel-windows-x86_64
Version: 0.0-3
Check: Rd cross-references
Result: NOTE
Undeclared package ‘rebus.unicode’ in Rd xrefs
Flavor: r-devel-linux-x86_64-fedora-clang