CRAN Package Check Results for Package rebus.base

Last updated on 2022-10-06 21:50:03 CEST.

Flavor Version Tinstall Tcheck Ttotal Status Flags
r-devel-linux-x86_64-debian-clang 0.0-3 2.07 27.93 30.00 NOTE
r-devel-linux-x86_64-debian-gcc 0.0-3 1.91 21.43 23.34 NOTE
r-devel-linux-x86_64-fedora-clang 0.0-3 51.71 NOTE
r-devel-linux-x86_64-fedora-gcc 0.0-3 48.47 NOTE
r-devel-windows-x86_64 0.0-3 7.00 57.00 64.00 NOTE
r-patched-linux-x86_64 0.0-3 2.51 26.33 28.84 NOTE
r-release-linux-x86_64 0.0-3 2.58 25.88 28.46 NOTE
r-release-macos-arm64 0.0-3 17.00 NOTE
r-release-macos-x86_64 0.0-3 22.00 NOTE
r-release-windows-x86_64 0.0-3 48.00 60.00 108.00 NOTE
r-oldrel-macos-arm64 0.0-3 18.00 NOTE
r-oldrel-macos-x86_64 0.0-3 26.00 NOTE
r-oldrel-windows-ix86+x86_64 0.0-3 6.00 53.00 59.00 NOTE

Check Details

Version: 0.0-3
Check: LazyData
Result: NOTE
     'LazyData' is specified without a 'data' directory
Flavors: r-devel-linux-x86_64-debian-clang, r-devel-linux-x86_64-debian-gcc, r-devel-linux-x86_64-fedora-clang, r-devel-linux-x86_64-fedora-gcc, r-devel-windows-x86_64, r-patched-linux-x86_64, r-release-linux-x86_64, r-release-macos-arm64, r-release-macos-x86_64, r-release-windows-x86_64, r-oldrel-macos-arm64, r-oldrel-macos-x86_64, r-oldrel-windows-ix86+x86_64

Version: 0.0-3
Check: Rd cross-references
Result: NOTE
    Undeclared package ‘rebus.unicode’ in Rd xrefs
Flavor: r-devel-linux-x86_64-fedora-clang