CRAN Package Check Results for Package readxlsb

Last updated on 2023-02-01 00:52:46 CET.

Flavor Version Tinstall Tcheck Ttotal Status Flags
r-devel-linux-x86_64-debian-clang 0.1.4 58.55 30.92 89.47 NOTE
r-devel-linux-x86_64-debian-gcc 0.1.4 44.07 24.45 68.52 NOTE
r-devel-linux-x86_64-fedora-clang 0.1.4 126.65 NOTE
r-devel-linux-x86_64-fedora-gcc 0.1.4 136.65 NOTE
r-devel-windows-x86_64 0.1.4 60.00 82.00 142.00 NOTE
r-patched-linux-x86_64 0.1.4 50.06 30.63 80.69 OK
r-release-linux-x86_64 0.1.4 49.00 30.81 79.81 OK
r-release-macos-arm64 0.1.4 35.00 OK
r-release-macos-x86_64 0.1.4 46.00 OK
r-release-windows-x86_64 0.1.4 56.00 96.00 152.00 OK
r-oldrel-macos-arm64 0.1.4 39.00 OK
r-oldrel-macos-x86_64 0.1.4 53.00 OK
r-oldrel-windows-ix86+x86_64 0.1.4 152.00 85.00 237.00 OK

Additional issues

gcc13 gcc13

Check Details

Version: 0.1.4
Check: C++ specification
Result: NOTE
     Specified C++11: please update to current default of C++17
Flavors: r-devel-linux-x86_64-debian-clang, r-devel-linux-x86_64-debian-gcc, r-devel-linux-x86_64-fedora-clang, r-devel-linux-x86_64-fedora-gcc, r-devel-windows-x86_64