CRAN Package Check Results for Package readtextgrid

Last updated on 2021-04-09 19:49:38 CEST.

Flavor Version Tinstall Tcheck Ttotal Status Flags
r-devel-linux-x86_64-debian-clang 0.1.1 2.09 24.86 26.95 NOTE
r-devel-linux-x86_64-debian-gcc 0.1.1 1.54 19.84 21.38 NOTE
r-devel-linux-x86_64-fedora-clang 0.1.1 40.23 NOTE
r-devel-linux-x86_64-fedora-gcc 0.1.1 30.21 NOTE
r-devel-windows-ix86+x86_64 0.1.1 4.00 32.00 36.00 NOTE
r-devel-windows-x86_64-gcc10-UCRT 0.1.1 NOTE
r-patched-linux-x86_64 0.1.1 2.03 24.42 26.45 OK
r-patched-solaris-x86 0.1.1 54.60 OK
r-release-linux-x86_64 0.1.1 OK
r-release-macos-x86_64 0.1.1 OK
r-release-windows-ix86+x86_64 0.1.1 15.00 42.00 57.00 OK
r-oldrel-macos-x86_64 0.1.1 OK
r-oldrel-windows-ix86+x86_64 0.1.1 4.00 32.00 36.00 OK

Check Details

Version: 0.1.1
Check: LazyData
Result: NOTE
     'LazyData' is specified without a 'data' directory
Flavors: r-devel-linux-x86_64-debian-clang, r-devel-linux-x86_64-debian-gcc, r-devel-linux-x86_64-fedora-clang, r-devel-linux-x86_64-fedora-gcc, r-devel-windows-ix86+x86_64, r-devel-windows-x86_64-gcc10-UCRT