CRAN Package Check Results for Package readMzXmlData

Last updated on 2020-09-22 14:05:08 CEST.

Flavor Version Tinstall Tcheck Ttotal Status Flags
r-devel-linux-x86_64-debian-clang 2.8.1 3.53 28.66 32.19 OK
r-devel-linux-x86_64-debian-gcc 2.8.1 2.80 23.63 26.43 OK
r-devel-linux-x86_64-fedora-clang 2.8.1 51.85 NOTE
r-devel-linux-x86_64-fedora-gcc 2.8.1 39.04 OK
r-devel-windows-ix86+x86_64 2.8.1 7.00 39.00 46.00 OK
r-patched-linux-x86_64 2.8.1 3.47 28.60 32.07 OK
r-patched-solaris-x86 2.8.1 59.90 OK
r-release-linux-x86_64 2.8.1 3.22 28.77 31.99 OK
r-release-macos-x86_64 2.8.1 OK
r-release-windows-ix86+x86_64 2.8.1 7.00 38.00 45.00 OK
r-oldrel-macos-x86_64 2.8.1 OK
r-oldrel-windows-ix86+x86_64 2.8.1 6.00 47.00 53.00 OK

Check Details

Version: 2.8.1
Check: Rd cross-references
Result: NOTE
    Undeclared package ‘MALDIquantForeign’ in Rd xrefs
Flavor: r-devel-linux-x86_64-fedora-clang