CRAN Package Check Results for Package rdfp

Last updated on 2022-10-04 19:01:32 CEST.

Flavor Version Tinstall Tcheck Ttotal Status Flags
r-devel-linux-x86_64-debian-clang 0.1.4 13.11 119.60 132.71 NOTE
r-devel-linux-x86_64-debian-gcc 0.1.4 10.14 88.01 98.15 NOTE
r-devel-linux-x86_64-fedora-clang 0.1.4 173.84 NOTE
r-devel-linux-x86_64-fedora-gcc 0.1.4 171.90 NOTE
r-devel-windows-x86_64 0.1.4 101.00 215.00 316.00 NOTE
r-patched-linux-x86_64 0.1.4 20.56 107.39 127.95 NOTE
r-release-linux-x86_64 0.1.4 8.34 105.73 114.07 NOTE
r-release-macos-arm64 0.1.4 48.00 NOTE
r-release-macos-x86_64 0.1.4 79.00 NOTE
r-release-windows-x86_64 0.1.4 124.00 184.00 308.00 NOTE
r-oldrel-macos-arm64 0.1.4 51.00 NOTE
r-oldrel-macos-x86_64 0.1.4 82.00 NOTE
r-oldrel-windows-ix86+x86_64 0.1.4 28.00 151.00 179.00 NOTE

Check Details

Version: 0.1.4
Check: LazyData
Result: NOTE
     'LazyData' is specified without a 'data' directory
Flavors: r-devel-linux-x86_64-debian-clang, r-devel-linux-x86_64-debian-gcc, r-devel-linux-x86_64-fedora-clang, r-devel-linux-x86_64-fedora-gcc, r-devel-windows-x86_64, r-patched-linux-x86_64, r-release-linux-x86_64, r-release-macos-arm64, r-release-macos-x86_64, r-release-windows-x86_64, r-oldrel-macos-arm64, r-oldrel-macos-x86_64, r-oldrel-windows-ix86+x86_64