CRAN Package Check Results for Package rdflib

Last updated on 2024-06-14 00:53:55 CEST.

Flavor Version Tinstall Tcheck Ttotal Status Flags
r-devel-linux-x86_64-debian-clang 0.2.8 8.48 75.22 83.70 OK
r-devel-linux-x86_64-debian-gcc 0.2.8 0.37 1.87 2.24 ERROR
r-devel-linux-x86_64-fedora-clang 0.2.8 105.94 OK
r-devel-linux-x86_64-fedora-gcc 0.2.8 109.46 OK
r-devel-windows-x86_64 0.2.8 7.00 71.00 78.00 OK
r-patched-linux-x86_64 0.2.8 8.56 71.32 79.88 OK
r-release-linux-x86_64 0.2.8 6.80 70.52 77.32 OK
r-release-macos-arm64 0.2.8 36.00 OK
r-release-macos-x86_64 0.2.8 57.00 OK
r-release-windows-x86_64 0.2.8 8.00 73.00 81.00 OK
r-oldrel-macos-arm64 0.2.8 51.00 OK
r-oldrel-macos-x86_64 0.2.8 84.00 OK
r-oldrel-windows-x86_64 0.2.8 9.00 80.00 89.00 OK

Check Details

Version: 0.2.8
Check: package dependencies
Result: ERROR Packages required but not available: 'redland', 'readr', 'dplyr', 'tidyr' Packages suggested but not available for checking: 'testthat', 'tibble', 'purrr', 'lubridate', 'repurrrsive', 'nycflights13' See section ‘The DESCRIPTION file’ in the ‘Writing R Extensions’ manual. Flavor: r-devel-linux-x86_64-debian-gcc