CRAN Package Check Results for Package rddtools

Last updated on 2024-06-14 12:57:48 CEST.

Flavor Version Tinstall Tcheck Ttotal Status Flags
r-devel-linux-x86_64-debian-clang 1.6.0 15.26 173.96 189.22 OK
r-devel-linux-x86_64-debian-gcc 1.6.0 11.36 126.14 137.50 OK
r-devel-linux-x86_64-fedora-clang 1.6.0 232.73 NOTE
r-devel-linux-x86_64-fedora-gcc 1.6.0 232.16 NOTE
r-devel-windows-x86_64 1.6.0 14.00 138.00 152.00 OK
r-patched-linux-x86_64 1.6.0 21.06 164.39 185.45 OK
r-release-linux-x86_64 1.6.0 14.34 163.54 177.88 OK
r-release-macos-arm64 1.6.0 71.00 OK
r-release-macos-x86_64 1.6.0 102.00 OK
r-release-windows-x86_64 1.6.0 15.00 140.00 155.00 OK
r-oldrel-macos-arm64 1.6.0 82.00 OK
r-oldrel-macos-x86_64 1.6.0 121.00 OK
r-oldrel-windows-x86_64 1.6.0 19.00 169.00 188.00 OK

Check Details

Version: 1.6.0
Check: dependencies in R code
Result: NOTE Namespace in Imports field not imported from: ‘rmarkdown’ All declared Imports should be used. Flavors: r-devel-linux-x86_64-fedora-clang, r-devel-linux-x86_64-fedora-gcc