CRAN Package Check Results for Package rdbnomics

Last updated on 2022-10-01 01:49:13 CEST.

Flavor Version Tinstall Tcheck Ttotal Status Flags
r-devel-linux-x86_64-debian-clang 0.6.4 6.71 52.49 59.20 NOTE
r-devel-linux-x86_64-debian-gcc 0.6.4 4.91 39.65 44.56 NOTE
r-devel-linux-x86_64-fedora-clang 0.6.4 83.66 NOTE
r-devel-linux-x86_64-fedora-gcc 0.6.4 77.80 NOTE
r-devel-windows-x86_64 0.6.4 46.00 103.00 149.00 NOTE
r-patched-linux-x86_64 0.6.4 6.85 49.64 56.49 NOTE
r-release-linux-x86_64 0.6.4 4.64 48.54 53.18 NOTE
r-release-macos-arm64 0.6.4 32.00 NOTE
r-release-macos-x86_64 0.6.4 44.00 NOTE
r-release-windows-x86_64 0.6.4 53.00 127.00 180.00 NOTE
r-oldrel-macos-arm64 0.6.4 33.00 NOTE
r-oldrel-macos-x86_64 0.6.4 49.00 NOTE
r-oldrel-windows-ix86+x86_64 0.6.4 12.00 98.00 110.00 NOTE

Check Details

Version: 0.6.4
Check: LazyData
Result: NOTE
     'LazyData' is specified without a 'data' directory
Flavors: r-devel-linux-x86_64-debian-clang, r-devel-linux-x86_64-debian-gcc, r-devel-linux-x86_64-fedora-clang, r-devel-linux-x86_64-fedora-gcc, r-devel-windows-x86_64, r-patched-linux-x86_64, r-release-linux-x86_64, r-release-macos-arm64, r-release-macos-x86_64, r-release-windows-x86_64, r-oldrel-macos-arm64, r-oldrel-macos-x86_64, r-oldrel-windows-ix86+x86_64