CRAN Package Check Results for Package rcitoid

Last updated on 2022-10-06 21:50:02 CEST.

Flavor Version Tinstall Tcheck Ttotal Status Flags
r-devel-linux-x86_64-debian-clang 0.1.0 2.10 28.62 30.72 OK
r-devel-linux-x86_64-debian-gcc 0.1.0 1.70 22.90 24.60 ERROR
r-devel-linux-x86_64-fedora-clang 0.1.0 49.57 OK
r-devel-linux-x86_64-fedora-gcc 0.1.0 47.36 OK
r-devel-windows-x86_64 0.1.0 10.00 58.00 68.00 OK
r-patched-linux-x86_64 0.1.0 2.40 27.98 30.38 OK
r-release-linux-x86_64 0.1.0 1.86 27.41 29.27 OK
r-release-macos-arm64 0.1.0 25.00 OK
r-release-macos-x86_64 0.1.0 30.00 OK
r-release-windows-x86_64 0.1.0 12.00 57.00 69.00 OK
r-oldrel-macos-arm64 0.1.0 28.00 OK
r-oldrel-macos-x86_64 0.1.0 33.00 OK
r-oldrel-windows-ix86+x86_64 0.1.0 6.00 57.00 63.00 OK

Check Details

Version: 0.1.0
Check: examples
Result: ERROR
    Running examples in ‘rcitoid-Ex.R’ failed
    The error most likely occurred in:
    
    > base::assign(".ptime", proc.time(), pos = "CheckExEnv")
    > ### Name: cit_oid
    > ### Title: Get Citoid data
    > ### Aliases: cit_oid cit_oid_
    >
    > ### ** Examples
    >
    > url<-"https://en.wikipedia.org/api/rest_v1/data/citation/mediawiki/30446726"
    > if (crul::ok(url)) {
    + pmid1 <- 30446726
    + cit_oid(pmid1)
    + }
    Error in httpcode::http_code(status) : length(code) == 1 is not TRUE
    Calls: cit_oid ... <Anonymous> -> <Anonymous> -> <Anonymous> -> stopifnot
    Execution halted
Flavor: r-devel-linux-x86_64-debian-gcc