CRAN Package Check Results for Package rcdklibs

Last updated on 2022-10-06 21:50:02 CEST.

Flavor Version Tinstall Tcheck Ttotal Status Flags
r-devel-linux-x86_64-debian-clang 2.8 7.14 41.82 48.96 OK
r-devel-linux-x86_64-debian-gcc 2.8 4.92 31.45 36.37 OK
r-devel-linux-x86_64-fedora-clang 2.8 68.61 NOTE
r-devel-linux-x86_64-fedora-gcc 2.8 67.90 OK
r-devel-windows-x86_64 2.8 56.00 66.00 122.00 NOTE
r-patched-linux-x86_64 2.8 5.99 40.61 46.60 OK
r-release-linux-x86_64 2.8 6.57 39.63 46.20 OK
r-release-macos-arm64 2.8 22.00 NOTE
r-release-macos-x86_64 2.8 30.00 NOTE
r-release-windows-x86_64 2.8 45.00 69.00 114.00 NOTE
r-oldrel-macos-arm64 2.8 25.00 NOTE
r-oldrel-macos-x86_64 2.8 36.00 NOTE
r-oldrel-windows-ix86+x86_64 2.8 13.00 65.00 78.00 NOTE

Check Details

Version: 2.8
Check: installed package size
Result: NOTE
     installed size is 24.4Mb
     sub-directories of 1Mb or more:
     cont 24.3Mb
Flavors: r-devel-linux-x86_64-fedora-clang, r-devel-windows-x86_64, r-release-macos-arm64, r-release-macos-x86_64, r-release-windows-x86_64, r-oldrel-macos-arm64, r-oldrel-macos-x86_64, r-oldrel-windows-ix86+x86_64