CRAN Package Check Results for Package rcbsubset

Last updated on 2022-08-14 18:49:22 CEST.

Flavor Version Tinstall Tcheck Ttotal Status Flags
r-devel-linux-x86_64-debian-clang 1.1.7 3.89 34.82 38.71 NOTE
r-devel-linux-x86_64-debian-gcc 1.1.7 2.86 27.13 29.99 NOTE
r-devel-linux-x86_64-fedora-clang 1.1.7 60.49 NOTE
r-devel-linux-x86_64-fedora-gcc 1.1.7 59.02 NOTE
r-devel-windows-x86_64 1.1.7 12.00 60.00 72.00 NOTE
r-patched-linux-x86_64 1.1.7 3.17 33.41 36.58 NOTE
r-release-linux-x86_64 1.1.7 3.94 34.20 38.14 NOTE
r-release-macos-arm64 1.1.7 23.00 NOTE
r-release-macos-x86_64 1.1.7 27.00 NOTE
r-release-windows-x86_64 1.1.7 6.00 61.00 67.00 NOTE
r-oldrel-macos-arm64 1.1.7 19.00 NOTE
r-oldrel-macos-x86_64 1.1.7 26.00 NOTE
r-oldrel-windows-ix86+x86_64 1.1.7 8.00 58.00 66.00 NOTE

Check Details

Version: 1.1.7
Check: package dependencies
Result: NOTE
    Package suggested but not available for checking: 'rrelaxiv'
Flavors: r-devel-linux-x86_64-debian-clang, r-devel-linux-x86_64-debian-gcc, r-devel-linux-x86_64-fedora-clang, r-devel-linux-x86_64-fedora-gcc, r-devel-windows-x86_64, r-patched-linux-x86_64, r-release-linux-x86_64, r-release-macos-arm64, r-release-macos-x86_64, r-release-windows-x86_64, r-oldrel-macos-arm64, r-oldrel-macos-x86_64, r-oldrel-windows-ix86+x86_64

Version: 1.1.7
Check: dependencies in R code
Result: NOTE
    Namespace in Imports field not imported from: ‘rlemon’
     All declared Imports should be used.
Flavors: r-devel-linux-x86_64-fedora-clang, r-devel-linux-x86_64-fedora-gcc, r-release-macos-arm64, r-release-macos-x86_64, r-oldrel-macos-arm64, r-oldrel-macos-x86_64