Last updated on 2022-08-10 12:56:26 CEST.
Flavor | Version | Tinstall | Tcheck | Ttotal | Status | Flags |
---|---|---|---|---|---|---|
r-devel-linux-x86_64-debian-clang | 0.2.0 | 505.71 | 152.33 | 658.04 | NOTE | |
r-devel-linux-x86_64-debian-gcc | 0.2.0 | 420.96 | 132.28 | 553.24 | NOTE | |
r-devel-linux-x86_64-fedora-clang | 0.2.0 | 917.00 | NOTE | |||
r-devel-linux-x86_64-fedora-gcc | 0.2.0 | 921.52 | NOTE | |||
r-devel-windows-x86_64 | 0.2.0 | 335.00 | 241.00 | 576.00 | NOTE | |
r-patched-linux-x86_64 | 0.2.0 | 330.47 | 168.73 | 499.20 | NOTE | |
r-release-linux-x86_64 | 0.2.0 | ERROR | ||||
r-release-macos-arm64 | 0.2.0 | 232.00 | NOTE | |||
r-release-macos-x86_64 | 0.2.0 | 415.00 | NOTE | |||
r-release-windows-x86_64 | 0.2.0 | 355.00 | 233.00 | 588.00 | NOTE | |
r-oldrel-macos-arm64 | 0.2.0 | 229.00 | NOTE | |||
r-oldrel-macos-x86_64 | 0.2.0 | 310.00 | NOTE | |||
r-oldrel-windows-ix86+x86_64 | 0.2.0 | 1043.00 | 286.00 | 1329.00 | NOTE |
Version: 0.2.0
Check: for GNU extensions in Makefiles
Result: NOTE
GNU make is a SystemRequirements.
Flavors: r-devel-linux-x86_64-debian-clang, r-devel-linux-x86_64-debian-gcc, r-devel-linux-x86_64-fedora-clang, r-devel-linux-x86_64-fedora-gcc, r-devel-windows-x86_64, r-patched-linux-x86_64, r-release-macos-arm64, r-release-macos-x86_64, r-release-windows-x86_64, r-oldrel-macos-arm64, r-oldrel-macos-x86_64, r-oldrel-windows-ix86+x86_64
Version: 0.2.0
Check: installed package size
Result: NOTE
installed size is 51.2Mb
sub-directories of 1Mb or more:
libs 50.4Mb
Flavors: r-devel-linux-x86_64-fedora-clang, r-release-macos-arm64, r-release-macos-x86_64, r-oldrel-macos-arm64, r-oldrel-macos-x86_64, r-oldrel-windows-ix86+x86_64
Version: 0.2.0
Check: dependencies in R code
Result: NOTE
Namespaces in Imports field not imported from:
‘RcppParallel’ ‘rstantools’ ‘shinythemes’
All declared Imports should be used.
Flavors: r-devel-linux-x86_64-fedora-clang, r-devel-linux-x86_64-fedora-gcc, r-release-macos-arm64, r-release-macos-x86_64, r-oldrel-macos-arm64, r-oldrel-macos-x86_64
Version: 0.2.0
Check: whether package can be installed
Result: ERROR
Installation failed.
Flavor: r-release-linux-x86_64