Last updated on 2022-08-14 18:49:22 CEST.
Flavor | Version | Tinstall | Tcheck | Ttotal | Status | Flags |
---|---|---|---|---|---|---|
r-devel-linux-x86_64-debian-clang | 1.8.8 | 2.59 | 37.94 | 40.53 | NOTE | |
r-devel-linux-x86_64-debian-gcc | 1.8.8 | 3.01 | 29.19 | 32.20 | NOTE | |
r-devel-linux-x86_64-fedora-clang | 1.8.8 | 65.44 | NOTE | |||
r-devel-linux-x86_64-fedora-gcc | 1.8.8 | 62.56 | NOTE | |||
r-devel-windows-x86_64 | 1.8.8 | 6.00 | 67.00 | 73.00 | NOTE | |
r-patched-linux-x86_64 | 1.8.8 | 3.55 | 35.76 | 39.31 | NOTE | |
r-release-linux-x86_64 | 1.8.8 | 3.95 | 37.15 | 41.10 | NOTE | |
r-release-macos-arm64 | 1.8.8 | 27.00 | NOTE | |||
r-release-macos-x86_64 | 1.8.8 | 30.00 | NOTE | |||
r-release-windows-x86_64 | 1.8.8 | 20.00 | 71.00 | 91.00 | NOTE | |
r-oldrel-macos-arm64 | 1.8.8 | 18.00 | NOTE | |||
r-oldrel-macos-x86_64 | 1.8.8 | 29.00 | NOTE | |||
r-oldrel-windows-ix86+x86_64 | 1.8.8 | 11.00 | 61.00 | 72.00 | NOTE |
Version: 1.8.8
Check: package dependencies
Result: NOTE
Package suggested but not available for checking: 'rrelaxiv'
Flavors: r-devel-linux-x86_64-debian-clang, r-devel-linux-x86_64-debian-gcc, r-devel-linux-x86_64-fedora-clang, r-devel-linux-x86_64-fedora-gcc, r-devel-windows-x86_64, r-patched-linux-x86_64, r-release-linux-x86_64, r-release-macos-arm64, r-release-macos-x86_64, r-release-windows-x86_64, r-oldrel-macos-arm64, r-oldrel-macos-x86_64, r-oldrel-windows-ix86+x86_64