CRAN Package Check Results for Package rblt

Last updated on 2022-08-13 12:55:23 CEST.

Flavor Version Tinstall Tcheck Ttotal Status Flags
r-devel-linux-x86_64-debian-clang 0.2.4.5 10.40 85.41 95.81 NOTE
r-devel-linux-x86_64-debian-gcc 0.2.4.5 7.95 62.92 70.87 NOTE
r-devel-linux-x86_64-fedora-clang 0.2.4.5 122.39 NOTE
r-devel-linux-x86_64-fedora-gcc 0.2.4.5 120.37 NOTE
r-devel-windows-x86_64 0.2.4.5 22.00 107.00 129.00 NOTE
r-patched-linux-x86_64 0.2.4.5 11.33 80.00 91.33 NOTE
r-release-linux-x86_64 0.2.4.5 10.71 79.77 90.48 NOTE
r-release-macos-arm64 0.2.4.5 31.00 NOTE
r-release-macos-x86_64 0.2.4.5 63.00 NOTE
r-release-windows-x86_64 0.2.4.5 24.00 104.00 128.00 NOTE
r-oldrel-macos-arm64 0.2.4.5 33.00 NOTE
r-oldrel-macos-x86_64 0.2.4.5 49.00 NOTE
r-oldrel-windows-ix86+x86_64 0.2.4.5 26.00 98.00 124.00 NOTE

Check Details

Version: 0.2.4.5
Check: LazyData
Result: NOTE
     'LazyData' is specified without a 'data' directory
Flavors: r-devel-linux-x86_64-debian-clang, r-devel-linux-x86_64-debian-gcc, r-devel-linux-x86_64-fedora-clang, r-devel-linux-x86_64-fedora-gcc, r-devel-windows-x86_64, r-patched-linux-x86_64, r-release-linux-x86_64, r-release-macos-arm64, r-release-macos-x86_64, r-release-windows-x86_64, r-oldrel-macos-arm64, r-oldrel-macos-x86_64, r-oldrel-windows-ix86+x86_64